{"id":15165,"date":"2020-03-12T14:46:29","date_gmt":"2020-03-12T13:46:29","guid":{"rendered":"https:\/\/www.peter.secondlevelserver.de\/?post_type=product&#038;p=15165"},"modified":"2025-05-21T10:04:42","modified_gmt":"2025-05-21T10:04:42","slug":"versidrive-i-e3s-ip66ods-0-37-1-1kw-2","status":"publish","type":"product","link":"https:\/\/www.peter-electronic.com\/en\/produkt\/versidrive-i-e3s-ip66ods-0-37-1-1kw-2\/","title":{"rendered":"VersiDrive i E3S\/IP66ODS [0,37 &#8211; 1,1kW]"},"content":{"rendered":"","protected":false},"excerpt":{"rendered":"<p>Die Frequenzumrichter Typenreihe f\u00fcr 1-Phasen Motoren &#8220;VersiDrive i E3S\/IP66ODS&#8221; ist hervorragend geeignet zur Drehzahlregelung von Schwimmbadpumpen und f\u00fcr den Au\u00dfeneinsatz. Die einfache Parameterstruktur und die effektiv gew\u00e4hlte Werksvoreinstellung erm\u00f6glichen eine schnelle und leichte Inbetriebnahme.<\/p>\n","protected":false},"featured_media":15172,"template":"","meta":{"_acf_changed":false},"product_cat":[2276,2328,2274,2300],"product_tag":[],"class_list":{"0":"post-15165","1":"product","2":"type-product","3":"status-publish","4":"has-post-thumbnail","6":"product_cat-ac-drives-2","7":"product_cat-economy-reihe-3","8":"product_cat-products","9":"product_cat-wall-mount","10":"pa_bevorzugte-einsatzgebiete-centrifuges","11":"pa_bevorzugte-einsatzgebiete-compressors","12":"pa_bevorzugte-einsatzgebiete-conveyors","13":"pa_bevorzugte-einsatzgebiete-electric-pumps","14":"pa_bevorzugte-einsatzgebiete-extraction-systems","15":"pa_bevorzugte-einsatzgebiete-grinding-machines","16":"pa_bevorzugte-einsatzgebiete-heat-pumps","17":"pa_bevorzugte-einsatzgebiete-others","18":"pa_bevorzugte-einsatzgebiete-packaging-machines","19":"pa_bevorzugte-einsatzgebiete-printing-machines","20":"pa_bevorzugte-einsatzgebiete-saws","21":"pa_bevorzugte-einsatzgebiete-stirrers","22":"pa_bevorzugte-einsatzgebiete-textile-machines","23":"pa_bevorzugte-einsatzgebiete-travelling-cranes","24":"pa_bevorzugte-einsatzgebiete-vacuum-pumps","25":"pa_bevorzugte-einsatzgebiete-ventilators-and-fans","26":"pa_bevorzugte-einsatzgebiete-woodworking-machines","27":"pa_downloads-https-www-peter-electronic-com-wp-wp-content-uploads-frequenzumrichter-1-phasen-motor-fuer-ausseneinsatz-versidrive-i-e3s-ip66ods-0-37-1-1kw-datenblatt-de-pdf-pdf-technisches-datenblatt-https-www-pete","28":"pa_funktionen-ip66s-model-with-potentiometer","29":"pa_funktionen-line-disconnecter","30":"pa_funktionen-terminals","31":"pa_funktionen-150-overload-for-60s","32":"pa_funktionen-control-and-setpoint-entry-via","33":"pa_funktionen-dc-braking","34":"pa_funktionen-detailed-trouble-check-via-parameter-0","35":"pa_funktionen-integrated-pi-controller","36":"pa_funktionen-operating-unit-and-bus-systems","37":"pa_funktionen-potential-free-control-and-signalling-contacts","38":"pa_funktionen-pwm-clock-frequency-4-32khz","39":"pa_funktionen-right-left-switch-and","40":"pa_funktionen-u-f-characteristics-control","41":"pa_menu-filter-kategorie-wandmontage-3","42":"pa_merkmale-14-parameter-for-basic-settings","43":"pa_merkmale-1kw","44":"pa_merkmale-adjustable-fixed-frequencies","45":"pa_merkmale-application-macros-industrial","46":"pa_merkmale-degree-of-protection-ip66-for-outdoor-use","47":"pa_merkmale-easy-programming-and-connection","48":"pa_merkmale-integrated-braking-chopper-at-1","49":"pa_merkmale-integrated-mains-filter","50":"pa_merkmale-max-rotating-field-frequency-120hz","51":"pa_merkmale-precise-digital-control-via-push-of-a-button","52":"pa_merkmale-ptc-input","53":"pa_merkmale-pumps-and-fan-operation","54":"pa_merkmale-serial-communication-with-modbus-rtu-and-canopen","55":"pa_merkmale-small-inverter-for-single-phase-ac-motors-for-ip66-unif-for-outdoor-use","56":"pa_merkmale-suitable-for-capacitor-and-shaded-pole-motor","57":"pa_motor-type-2583","58":"pa_nennleistung-0-37-kw-en","59":"pa_nennleistung-0-75-kw-en","60":"pa_nennleistung-0-2-kw-en","61":"pa_nennleistung-1-1-kw-en","62":"pa_nennleistung-1-5-kw-en","63":"pa_nennleistung-2-2-kw-en","64":"pa_nennleistung-3-7-kw-en","65":"pa_nennleistung-4-0-kw-en","66":"pa_nennleistung-5-5-kw-en","67":"pa_nennleistung-7-5-kw-en","68":"pa_nennleistung-11-kw-en","69":"pa_nennleistung-15-kw-en","70":"pa_nennleistung-18-5-kw-en","71":"pa_nennleistung-22-kw-en","72":"pa_nennleistung-25-kw-en","73":"pa_nennleistung-30-kw-en","74":"pa_nennleistung-37-kw-en","75":"pa_nennleistung-45-kw-en","76":"pa_nennleistung-55-kw-en","77":"pa_nennleistung-75-kw-en","78":"pa_nennleistung-90-kw-en","79":"pa_nennleistung-110-kw-en","80":"pa_nennleistung-132-kw-en","81":"pa_nennleistung-160-kw-en","82":"pa_nennleistung-200-kw-en","83":"pa_nennleistung-250-kw-en","84":"pa_nennspannung-200-480-v-10-3","85":"pa_nennspannung-200-240-v-10-en","86":"pa_nennspannung-200-240-v-10-15-en","87":"pa_nennspannung-200-240-v-en","88":"pa_nennspannung-220-240-v-10-3","89":"pa_nennspannung-380-480-v-10-3","90":"pa_nennspannung-380-415-v-10-3","91":"pa_nennspannung-380-480-v-en","92":"pa_nennspannung-380-460-v-10-15-en","93":"pa_nennspannung-380-460-v-10-en","94":"pa_nennspannung-380-480-v-10-15-en","95":"pa_nennspannung-400-575-v-10-en","96":"pa_option-apc-braking-current-display-plug-in-control-terminals-motor-ptc-monitoring-star-delta-starting-control-standstill-signalling-relay-braking-current-monitoring","97":"pa_option-c1-control-voltage-configuration-110-240-vac-or-380-440-vac-10-15","98":"pa_option-c2-control-voltage-configuration-24-vac-vdc-20","99":"pa_option-i-signalling-contacts-motor-ptc-current-control-heat-sink-temperature-monitoring","100":"pa_option-l-version-ip-20","101":"pa_option-lp-version-ip-00","102":"pa_option-p-with-isolating-module","103":"pa_option-st-pluggable-with-pin-connector-din-41617","104":"pa_option-st-p-pluggable-with-isolating-module","105":"pa_option-ul-version","106":"pa_option-with-switch","107":"pa_option-without-switch","108":"pa_option-b-200-575-v-10-en","109":"pa_option-c1-ansteuerungsspannung-110-120-vac-oder-220-240-vac-10-15-en","110":"pa_option-c2-ansteuerungsspannung-24-vac-vdc-20-en","111":"pa_option-standard-en","112":"pa_optionen-options-please-see-accessories","113":"pa_optionen-braking-resistors","114":"pa_optionen-memory-stick-with-copying-function","115":"pa_optionen-remote-control-module-led-or-oled-display","116":"pa_optionen-rj45-cable-and-cable-splitter","117":"pa_optionen-software-for-parameterization","118":"pa_power-rating-2375","119":"pa_protection-class-2585","120":"pa_rated-frequency-2586","121":"pa_supply-voltage-2374","122":"pa_type-of-installation-2584","124":"first","125":"instock","126":"taxable","127":"shipping-taxable","128":"purchasable","129":"product-type-variable"},"acf":[],"yoast_head":"<!-- This site is optimized with the Yoast SEO plugin v23.9 - https:\/\/yoast.com\/wordpress\/plugins\/seo\/ -->\n<title>Frequenzumrichter fu\u0308r 1 phasen Motor, VersiDrive i E3S\/IP66\/IP66S<\/title>\n<meta name=\"description\" content=\"Frequenzumrichter 1 Phasen Motor \u2713 14 Einstellungsparameter \u2713 PI-Regler \u2713 Netzfilter \u2713 Schutzgrad IP66 \/ VD i E3S\/IP66\/IP66S [0,37 - 1,1kW] \u27a4 direkt vom Hersteller\" \/>\n<meta name=\"robots\" content=\"index, follow, max-snippet:-1, max-image-preview:large, max-video-preview:-1\" \/>\n<link rel=\"canonical\" href=\"https:\/\/www.peter-electronic.com\/produkt\/versidrive-i-e3s-ip66ods-0-37-1-1kw-2\/\" \/>\n<script type=\"application\/ld+json\" class=\"yoast-schema-graph\">{\"@context\":\"https:\/\/schema.org\",\"@graph\":[{\"@type\":\"WebPage\",\"@id\":\"https:\/\/www.peter-electronic.com\/en\/produkt\/versidrive-i-e3s-ip66ods-0-37-1-1kw-2\/\",\"url\":\"https:\/\/www.peter-electronic.com\/en\/produkt\/versidrive-i-e3s-ip66ods-0-37-1-1kw-2\/\",\"name\":\"Frequenzumrichter fu\u0308r 1 phasen Motor, VersiDrive i E3S\/IP66\/IP66S\",\"isPartOf\":{\"@id\":\"https:\/\/www.peter-electronic.com\/#website\"},\"primaryImageOfPage\":{\"@id\":\"https:\/\/www.peter-electronic.com\/en\/produkt\/versidrive-i-e3s-ip66ods-0-37-1-1kw-2\/#primaryimage\"},\"image\":{\"@id\":\"https:\/\/www.peter-electronic.com\/en\/produkt\/versidrive-i-e3s-ip66ods-0-37-1-1kw-2\/#primaryimage\"},\"thumbnailUrl\":\"https:\/\/www.peter-electronic.com\/wp-content\/uploads\/2020\/05\/products-frequenzumrichter_frequenzumrichter-1-phasen-motor_vd-i-e3s-ip66-ip66s-0_37-1_1kw_3-1.png\",\"datePublished\":\"2020-03-12T13:46:29+00:00\",\"dateModified\":\"2025-05-21T10:04:42+00:00\",\"description\":\"Frequenzumrichter 1 Phasen Motor \u2713 14 Einstellungsparameter \u2713 PI-Regler \u2713 Netzfilter \u2713 Schutzgrad IP66 \/ VD i E3S\/IP66\/IP66S [0,37 - 1,1kW] \u27a4 direkt vom Hersteller\",\"breadcrumb\":{\"@id\":\"https:\/\/www.peter-electronic.com\/en\/produkt\/versidrive-i-e3s-ip66ods-0-37-1-1kw-2\/#breadcrumb\"},\"inLanguage\":\"de\",\"potentialAction\":[{\"@type\":\"ReadAction\",\"target\":[\"https:\/\/www.peter-electronic.com\/en\/produkt\/versidrive-i-e3s-ip66ods-0-37-1-1kw-2\/\"]}]},{\"@type\":\"ImageObject\",\"inLanguage\":\"de\",\"@id\":\"https:\/\/www.peter-electronic.com\/en\/produkt\/versidrive-i-e3s-ip66ods-0-37-1-1kw-2\/#primaryimage\",\"url\":\"https:\/\/www.peter-electronic.com\/wp-content\/uploads\/2020\/05\/products-frequenzumrichter_frequenzumrichter-1-phasen-motor_vd-i-e3s-ip66-ip66s-0_37-1_1kw_3-1.png\",\"contentUrl\":\"https:\/\/www.peter-electronic.com\/wp-content\/uploads\/2020\/05\/products-frequenzumrichter_frequenzumrichter-1-phasen-motor_vd-i-e3s-ip66-ip66s-0_37-1_1kw_3-1.png\",\"width\":620,\"height\":440},{\"@type\":\"BreadcrumbList\",\"@id\":\"https:\/\/www.peter-electronic.com\/en\/produkt\/versidrive-i-e3s-ip66ods-0-37-1-1kw-2\/#breadcrumb\",\"itemListElement\":[{\"@type\":\"ListItem\",\"position\":1,\"name\":\"Startseite\",\"item\":\"https:\/\/www.peter-electronic.com\/\"},{\"@type\":\"ListItem\",\"position\":2,\"name\":\"Shop\",\"item\":\"https:\/\/www.peter-electronic.com\/shop\/\"},{\"@type\":\"ListItem\",\"position\":3,\"name\":\"VersiDrive i E3S\/IP66ODS [0,37 &#8211; 1,1kW]\"}]},{\"@type\":\"WebSite\",\"@id\":\"https:\/\/www.peter-electronic.com\/#website\",\"url\":\"https:\/\/www.peter-electronic.com\/\",\"name\":\"Frequenzumrichter, Softstarter und Bremsger\u00e4te direkt vom Hersteller\",\"description\":\"\",\"alternateName\":\"Frequenzumrichter, Softstarter und Bremsger\u00e4te direkt vom Hersteller\",\"potentialAction\":[{\"@type\":\"SearchAction\",\"target\":{\"@type\":\"EntryPoint\",\"urlTemplate\":\"https:\/\/www.peter-electronic.com\/?s={search_term_string}\"},\"query-input\":{\"@type\":\"PropertyValueSpecification\",\"valueRequired\":true,\"valueName\":\"search_term_string\"}}],\"inLanguage\":\"de\"}]}<\/script>\n<!-- \/ Yoast SEO plugin. -->","yoast_head_json":{"title":"Frequenzumrichter fu\u0308r 1 phasen Motor, VersiDrive i E3S\/IP66\/IP66S","description":"Frequenzumrichter 1 Phasen Motor \u2713 14 Einstellungsparameter \u2713 PI-Regler \u2713 Netzfilter \u2713 Schutzgrad IP66 \/ VD i E3S\/IP66\/IP66S [0,37 - 1,1kW] \u27a4 direkt vom Hersteller","robots":{"index":"index","follow":"follow","max-snippet":"max-snippet:-1","max-image-preview":"max-image-preview:large","max-video-preview":"max-video-preview:-1"},"canonical":"https:\/\/www.peter-electronic.com\/produkt\/versidrive-i-e3s-ip66ods-0-37-1-1kw-2\/","schema":{"@context":"https:\/\/schema.org","@graph":[{"@type":"WebPage","@id":"https:\/\/www.peter-electronic.com\/en\/produkt\/versidrive-i-e3s-ip66ods-0-37-1-1kw-2\/","url":"https:\/\/www.peter-electronic.com\/en\/produkt\/versidrive-i-e3s-ip66ods-0-37-1-1kw-2\/","name":"Frequenzumrichter fu\u0308r 1 phasen Motor, VersiDrive i E3S\/IP66\/IP66S","isPartOf":{"@id":"https:\/\/www.peter-electronic.com\/#website"},"primaryImageOfPage":{"@id":"https:\/\/www.peter-electronic.com\/en\/produkt\/versidrive-i-e3s-ip66ods-0-37-1-1kw-2\/#primaryimage"},"image":{"@id":"https:\/\/www.peter-electronic.com\/en\/produkt\/versidrive-i-e3s-ip66ods-0-37-1-1kw-2\/#primaryimage"},"thumbnailUrl":"https:\/\/www.peter-electronic.com\/wp-content\/uploads\/2020\/05\/products-frequenzumrichter_frequenzumrichter-1-phasen-motor_vd-i-e3s-ip66-ip66s-0_37-1_1kw_3-1.png","datePublished":"2020-03-12T13:46:29+00:00","dateModified":"2025-05-21T10:04:42+00:00","description":"Frequenzumrichter 1 Phasen Motor \u2713 14 Einstellungsparameter \u2713 PI-Regler \u2713 Netzfilter \u2713 Schutzgrad IP66 \/ VD i E3S\/IP66\/IP66S [0,37 - 1,1kW] \u27a4 direkt vom Hersteller","breadcrumb":{"@id":"https:\/\/www.peter-electronic.com\/en\/produkt\/versidrive-i-e3s-ip66ods-0-37-1-1kw-2\/#breadcrumb"},"inLanguage":"de","potentialAction":[{"@type":"ReadAction","target":["https:\/\/www.peter-electronic.com\/en\/produkt\/versidrive-i-e3s-ip66ods-0-37-1-1kw-2\/"]}]},{"@type":"ImageObject","inLanguage":"de","@id":"https:\/\/www.peter-electronic.com\/en\/produkt\/versidrive-i-e3s-ip66ods-0-37-1-1kw-2\/#primaryimage","url":"https:\/\/www.peter-electronic.com\/wp-content\/uploads\/2020\/05\/products-frequenzumrichter_frequenzumrichter-1-phasen-motor_vd-i-e3s-ip66-ip66s-0_37-1_1kw_3-1.png","contentUrl":"https:\/\/www.peter-electronic.com\/wp-content\/uploads\/2020\/05\/products-frequenzumrichter_frequenzumrichter-1-phasen-motor_vd-i-e3s-ip66-ip66s-0_37-1_1kw_3-1.png","width":620,"height":440},{"@type":"BreadcrumbList","@id":"https:\/\/www.peter-electronic.com\/en\/produkt\/versidrive-i-e3s-ip66ods-0-37-1-1kw-2\/#breadcrumb","itemListElement":[{"@type":"ListItem","position":1,"name":"Startseite","item":"https:\/\/www.peter-electronic.com\/"},{"@type":"ListItem","position":2,"name":"Shop","item":"https:\/\/www.peter-electronic.com\/shop\/"},{"@type":"ListItem","position":3,"name":"VersiDrive i E3S\/IP66ODS [0,37 &#8211; 1,1kW]"}]},{"@type":"WebSite","@id":"https:\/\/www.peter-electronic.com\/#website","url":"https:\/\/www.peter-electronic.com\/","name":"Frequenzumrichter, Softstarter und Bremsger\u00e4te direkt vom Hersteller","description":"","alternateName":"Frequenzumrichter, Softstarter und Bremsger\u00e4te direkt vom Hersteller","potentialAction":[{"@type":"SearchAction","target":{"@type":"EntryPoint","urlTemplate":"https:\/\/www.peter-electronic.com\/?s={search_term_string}"},"query-input":{"@type":"PropertyValueSpecification","valueRequired":true,"valueName":"search_term_string"}}],"inLanguage":"de"}]}},"_links":{"self":[{"href":"https:\/\/www.peter-electronic.com\/index.php?rest_route=\/wp\/v2\/product\/15165","targetHints":{"allow":["GET"]}}],"collection":[{"href":"https:\/\/www.peter-electronic.com\/index.php?rest_route=\/wp\/v2\/product"}],"about":[{"href":"https:\/\/www.peter-electronic.com\/index.php?rest_route=\/wp\/v2\/types\/product"}],"wp:featuredmedia":[{"embeddable":true,"href":"https:\/\/www.peter-electronic.com\/index.php?rest_route=\/wp\/v2\/media\/15172"}],"wp:attachment":[{"href":"https:\/\/www.peter-electronic.com\/index.php?rest_route=%2Fwp%2Fv2%2Fmedia&parent=15165"}],"wp:term":[{"taxonomy":"product_cat","embeddable":true,"href":"https:\/\/www.peter-electronic.com\/index.php?rest_route=%2Fwp%2Fv2%2Fproduct_cat&post=15165"},{"taxonomy":"product_tag","embeddable":true,"href":"https:\/\/www.peter-electronic.com\/index.php?rest_route=%2Fwp%2Fv2%2Fproduct_tag&post=15165"}],"curies":[{"name":"wp","href":"https:\/\/api.w.org\/{rel}","templated":true}]}}