{"id":15153,"date":"2020-03-12T14:46:29","date_gmt":"2020-03-12T14:46:29","guid":{"rendered":"https:\/\/www.peter.secondlevelserver.de\/?post_type=product&#038;p=15153"},"modified":"2026-03-10T10:14:03","modified_gmt":"2026-03-10T09:14:03","slug":"versidrive-i-e3s-ip66ods-0-37-1-1kw","status":"publish","type":"product","link":"https:\/\/www.peter-electronic.com\/produkt\/versidrive-i-e3s-ip66ods-0-37-1-1kw\/","title":{"rendered":"VersiDrive i E3S\/IP66ODS [0,37 &#8211; 1,1kW]"},"content":{"rendered":"","protected":false},"excerpt":{"rendered":"<p>Die Frequenzumrichter Typenreihe f\u00fcr 1-Phasen Motoren &#8220;VersiDrive i E3S\/IP66ODS&#8221; ist hervorragend geeignet zur Drehzahlregelung von Schwimmbadpumpen und f\u00fcr den Au\u00dfeneinsatz. Die einfache Parameterstruktur und die effektiv gew\u00e4hlte Werksvoreinstellung erm\u00f6glichen eine schnelle und leichte Inbetriebnahme.<\/p>\n","protected":false},"featured_media":15160,"template":"","meta":{"_acf_changed":false},"product_cat":[2327,2275,2273,2299],"product_tag":[],"class_list":{"0":"post-15153","1":"product","2":"type-product","3":"status-publish","4":"has-post-thumbnail","6":"product_cat-economy-reihe-2","7":"product_cat-frequenzumrichter","8":"product_cat-produkte","9":"product_cat-wandmontage","10":"pa_application-area-2357","11":"pa_bevorzugte-einsatzgebiete-elektrische-pumpen-warmepumpen-vakuumpumpen-ventilatoren-und-lufter-laufkrane-absauganlagen-kompressoren-ruhrwerke-zentrifugen-sagen-forderanlagen-holzbearbeitungsmaschinen-schleifmaschinen-textilmasc","12":"pa_downloads-https-www-peter-electronic-com-wp-wp-content-uploads-frequenzumrichter-1-phasen-motor-fuer-ausseneinsatz-versidrive-i-e3s-ip66ods-0-37-1-1kw-datenblatt-de-pdf-pdf-technisches-datenblatt-https-www-pete","13":"pa_funktionen-funktion-frequenzumrichter-steuerung-und-sollwertvorgabe-uber-klemmen-bedieneinheit-und-bussysteme-pwm-taktfrequenz-4-32khz-dc-bremsung-potentialfreie-steuer-und-meldekontakte-150-berlast-fur-60s-deta","14":"pa_menu-filter-kategorie-wandmontage-2","15":"pa_merkmale-kleiner-umrichter-fur-einphasen-wechselstrommotoren-geeignet-fur-kondensator-und-spaltpolmotor-einfache-mechanische-und-elektrische-installation-14-parameter-fur-die-grundeinstellungen-pazise-digitale","16":"pa_motor-type-2571","17":"pa_nennleistung-0-37-kw","18":"pa_nennleistung-0-75-kw","19":"pa_nennleistung-0-2-kw","20":"pa_nennleistung-1-1-kw","21":"pa_nennleistung-1-5-kw","22":"pa_nennleistung-2-2-kw","23":"pa_nennleistung-3-7-kw","24":"pa_nennleistung-4-0-kw","25":"pa_nennleistung-5-5-kw","26":"pa_nennleistung-7-5-kw","27":"pa_nennleistung-11-kw","28":"pa_nennleistung-15-kw","29":"pa_nennleistung-18-5-kw","30":"pa_nennleistung-22-kw","31":"pa_nennleistung-25-kw","32":"pa_nennleistung-30-kw","33":"pa_nennleistung-37-kw","34":"pa_nennleistung-45-kw","35":"pa_nennleistung-55-kw","36":"pa_nennleistung-75-kw","37":"pa_nennleistung-90-kw","38":"pa_nennleistung-110-kw","39":"pa_nennleistung-132-kw","40":"pa_nennleistung-160-kw","41":"pa_nennleistung-200-kw","42":"pa_nennleistung-250-kw","43":"pa_nennspannung-200-240-v-10","44":"pa_nennspannung-200-240-v-10-15","45":"pa_nennspannung-200-480-v-10-2","46":"pa_nennspannung-200-240-v","47":"pa_nennspannung-220-240-v-10-2","48":"pa_nennspannung-380-480-v-10-2","49":"pa_nennspannung-380-480-v","50":"pa_nennspannung-380-460-v-10-15","51":"pa_nennspannung-380-460-v-10","52":"pa_nennspannung-380-415-v-10-2","53":"pa_nennspannung-380-480-v-10-15","54":"pa_nennspannung-400-575-v-10","55":"pa_option-apc-bremsstromanzeige-steckbare-steuerklemmen-motor-ptc-berwachung-stern-dreieck-anlaufansteuerung-stillstandsmelderelais-bremsstromuberwachung","56":"pa_option-b-200-575-v-10","57":"pa_option-c1-ansteuerungsspannung-110-120-vac-oder-220-240-vac-10-15","58":"pa_option-c1-steuerspannungs-konfiguration-110-240-vac-oder-380-440-vac-10-15","59":"pa_option-c2-ansteuerungsspannung-24-vac-vdc-20","60":"pa_option-c2-steuerspannungs-konfiguration-24-vac-vdc-20","61":"pa_option-i-meldekontakt-motor-ptc-stromregelfunktion-kuhlkorpertemparaturuberwachung","62":"pa_option-l-ausfuhrung-ip-20","63":"pa_option-lp-ausfuhrung-ip-00","64":"pa_option-mit-schalter","65":"pa_option-ohne-schalter","66":"pa_option-p-mit-potentialtrennung","67":"pa_option-st-steckbar-mit-stiftleiste-din-41617","68":"pa_option-st-p-steckbar-mit-potentialtrennung","69":"pa_option-standard","70":"pa_option-ul-ausfuhrung","71":"pa_optionen-optionen-siehe-zubehor-speicherstick-mit-kopierfunktion-fernbedienungs-modul-led-oder-oled-display-rj45-kabel-und-kabel-splitter-bremswiderstande-software-fur-parametrierung","72":"pa_power-rating-2359","73":"pa_prafix-name-frequenzumrichter-fur-1-phasen-wechselstrommotor-fur-den-ausseneinsatz","74":"pa_protection-class-2573","75":"pa_rated-frequency-2574","76":"pa_supply-voltage-2358","77":"pa_type-of-installation-2572","79":"first","80":"instock","81":"taxable","82":"shipping-taxable","83":"purchasable","84":"product-type-variable"},"acf":[],"yoast_head":"<!-- This site is optimized with the Yoast SEO plugin v23.9 - https:\/\/yoast.com\/wordpress\/plugins\/seo\/ -->\n<title>Frequenzumrichter fu\u0308r 1 phasen Motor, VersiDrive i E3S\/IP66\/IP66S<\/title>\n<meta name=\"description\" content=\"Frequenzumrichter 1 Phasen Motor \u2713 14 Einstellungsparameter \u2713 PI-Regler \u2713 Netzfilter \u2713 Schutzgrad IP66 \/ VD i E3S\/IP66\/IP66S [0,37 - 1,1kW] \u27a4 direkt vom Hersteller\" \/>\n<meta name=\"robots\" content=\"index, follow, max-snippet:-1, max-image-preview:large, max-video-preview:-1\" \/>\n<link rel=\"canonical\" href=\"https:\/\/www.peter-electronic.com\/produkt\/versidrive-i-e3s-ip66ods-0-37-1-1kw\/\" \/>\n<script type=\"application\/ld+json\" class=\"yoast-schema-graph\">{\"@context\":\"https:\/\/schema.org\",\"@graph\":[{\"@type\":\"WebPage\",\"@id\":\"https:\/\/www.peter-electronic.com\/produkt\/versidrive-i-e3s-ip66ods-0-37-1-1kw\/\",\"url\":\"https:\/\/www.peter-electronic.com\/produkt\/versidrive-i-e3s-ip66ods-0-37-1-1kw\/\",\"name\":\"Frequenzumrichter fu\u0308r 1 phasen Motor, VersiDrive i E3S\/IP66\/IP66S\",\"isPartOf\":{\"@id\":\"https:\/\/www.peter-electronic.com\/#website\"},\"primaryImageOfPage\":{\"@id\":\"https:\/\/www.peter-electronic.com\/produkt\/versidrive-i-e3s-ip66ods-0-37-1-1kw\/#primaryimage\"},\"image\":{\"@id\":\"https:\/\/www.peter-electronic.com\/produkt\/versidrive-i-e3s-ip66ods-0-37-1-1kw\/#primaryimage\"},\"thumbnailUrl\":\"https:\/\/www.peter-electronic.com\/wp-content\/uploads\/2020\/05\/products-frequenzumrichter_frequenzumrichter-1-phasen-motor_vd-i-e3s-ip66-ip66s-0_37-1_1kw_3.png\",\"datePublished\":\"2020-03-12T14:46:29+00:00\",\"dateModified\":\"2026-03-10T09:14:03+00:00\",\"description\":\"Frequenzumrichter 1 Phasen Motor \u2713 14 Einstellungsparameter \u2713 PI-Regler \u2713 Netzfilter \u2713 Schutzgrad IP66 \/ VD i E3S\/IP66\/IP66S [0,37 - 1,1kW] \u27a4 direkt vom Hersteller\",\"breadcrumb\":{\"@id\":\"https:\/\/www.peter-electronic.com\/produkt\/versidrive-i-e3s-ip66ods-0-37-1-1kw\/#breadcrumb\"},\"inLanguage\":\"de\",\"potentialAction\":[{\"@type\":\"ReadAction\",\"target\":[\"https:\/\/www.peter-electronic.com\/produkt\/versidrive-i-e3s-ip66ods-0-37-1-1kw\/\"]}]},{\"@type\":\"ImageObject\",\"inLanguage\":\"de\",\"@id\":\"https:\/\/www.peter-electronic.com\/produkt\/versidrive-i-e3s-ip66ods-0-37-1-1kw\/#primaryimage\",\"url\":\"https:\/\/www.peter-electronic.com\/wp-content\/uploads\/2020\/05\/products-frequenzumrichter_frequenzumrichter-1-phasen-motor_vd-i-e3s-ip66-ip66s-0_37-1_1kw_3.png\",\"contentUrl\":\"https:\/\/www.peter-electronic.com\/wp-content\/uploads\/2020\/05\/products-frequenzumrichter_frequenzumrichter-1-phasen-motor_vd-i-e3s-ip66-ip66s-0_37-1_1kw_3.png\",\"width\":620,\"height\":440},{\"@type\":\"BreadcrumbList\",\"@id\":\"https:\/\/www.peter-electronic.com\/produkt\/versidrive-i-e3s-ip66ods-0-37-1-1kw\/#breadcrumb\",\"itemListElement\":[{\"@type\":\"ListItem\",\"position\":1,\"name\":\"Startseite\",\"item\":\"https:\/\/www.peter-electronic.com\/\"},{\"@type\":\"ListItem\",\"position\":2,\"name\":\"Shop\",\"item\":\"https:\/\/www.peter-electronic.com\/shop\/\"},{\"@type\":\"ListItem\",\"position\":3,\"name\":\"VersiDrive i E3S\/IP66ODS [0,37 &#8211; 1,1kW]\"}]},{\"@type\":\"WebSite\",\"@id\":\"https:\/\/www.peter-electronic.com\/#website\",\"url\":\"https:\/\/www.peter-electronic.com\/\",\"name\":\"Frequenzumrichter, Softstarter und Bremsger\u00e4te direkt vom Hersteller\",\"description\":\"\",\"alternateName\":\"Frequenzumrichter, Softstarter und Bremsger\u00e4te direkt vom Hersteller\",\"potentialAction\":[{\"@type\":\"SearchAction\",\"target\":{\"@type\":\"EntryPoint\",\"urlTemplate\":\"https:\/\/www.peter-electronic.com\/?s={search_term_string}\"},\"query-input\":{\"@type\":\"PropertyValueSpecification\",\"valueRequired\":true,\"valueName\":\"search_term_string\"}}],\"inLanguage\":\"de\"}]}<\/script>\n<!-- \/ Yoast SEO plugin. -->","yoast_head_json":{"title":"Frequenzumrichter fu\u0308r 1 phasen Motor, VersiDrive i E3S\/IP66\/IP66S","description":"Frequenzumrichter 1 Phasen Motor \u2713 14 Einstellungsparameter \u2713 PI-Regler \u2713 Netzfilter \u2713 Schutzgrad IP66 \/ VD i E3S\/IP66\/IP66S [0,37 - 1,1kW] \u27a4 direkt vom Hersteller","robots":{"index":"index","follow":"follow","max-snippet":"max-snippet:-1","max-image-preview":"max-image-preview:large","max-video-preview":"max-video-preview:-1"},"canonical":"https:\/\/www.peter-electronic.com\/produkt\/versidrive-i-e3s-ip66ods-0-37-1-1kw\/","schema":{"@context":"https:\/\/schema.org","@graph":[{"@type":"WebPage","@id":"https:\/\/www.peter-electronic.com\/produkt\/versidrive-i-e3s-ip66ods-0-37-1-1kw\/","url":"https:\/\/www.peter-electronic.com\/produkt\/versidrive-i-e3s-ip66ods-0-37-1-1kw\/","name":"Frequenzumrichter fu\u0308r 1 phasen Motor, VersiDrive i E3S\/IP66\/IP66S","isPartOf":{"@id":"https:\/\/www.peter-electronic.com\/#website"},"primaryImageOfPage":{"@id":"https:\/\/www.peter-electronic.com\/produkt\/versidrive-i-e3s-ip66ods-0-37-1-1kw\/#primaryimage"},"image":{"@id":"https:\/\/www.peter-electronic.com\/produkt\/versidrive-i-e3s-ip66ods-0-37-1-1kw\/#primaryimage"},"thumbnailUrl":"https:\/\/www.peter-electronic.com\/wp-content\/uploads\/2020\/05\/products-frequenzumrichter_frequenzumrichter-1-phasen-motor_vd-i-e3s-ip66-ip66s-0_37-1_1kw_3.png","datePublished":"2020-03-12T14:46:29+00:00","dateModified":"2026-03-10T09:14:03+00:00","description":"Frequenzumrichter 1 Phasen Motor \u2713 14 Einstellungsparameter \u2713 PI-Regler \u2713 Netzfilter \u2713 Schutzgrad IP66 \/ VD i E3S\/IP66\/IP66S [0,37 - 1,1kW] \u27a4 direkt vom Hersteller","breadcrumb":{"@id":"https:\/\/www.peter-electronic.com\/produkt\/versidrive-i-e3s-ip66ods-0-37-1-1kw\/#breadcrumb"},"inLanguage":"de","potentialAction":[{"@type":"ReadAction","target":["https:\/\/www.peter-electronic.com\/produkt\/versidrive-i-e3s-ip66ods-0-37-1-1kw\/"]}]},{"@type":"ImageObject","inLanguage":"de","@id":"https:\/\/www.peter-electronic.com\/produkt\/versidrive-i-e3s-ip66ods-0-37-1-1kw\/#primaryimage","url":"https:\/\/www.peter-electronic.com\/wp-content\/uploads\/2020\/05\/products-frequenzumrichter_frequenzumrichter-1-phasen-motor_vd-i-e3s-ip66-ip66s-0_37-1_1kw_3.png","contentUrl":"https:\/\/www.peter-electronic.com\/wp-content\/uploads\/2020\/05\/products-frequenzumrichter_frequenzumrichter-1-phasen-motor_vd-i-e3s-ip66-ip66s-0_37-1_1kw_3.png","width":620,"height":440},{"@type":"BreadcrumbList","@id":"https:\/\/www.peter-electronic.com\/produkt\/versidrive-i-e3s-ip66ods-0-37-1-1kw\/#breadcrumb","itemListElement":[{"@type":"ListItem","position":1,"name":"Startseite","item":"https:\/\/www.peter-electronic.com\/"},{"@type":"ListItem","position":2,"name":"Shop","item":"https:\/\/www.peter-electronic.com\/shop\/"},{"@type":"ListItem","position":3,"name":"VersiDrive i E3S\/IP66ODS [0,37 &#8211; 1,1kW]"}]},{"@type":"WebSite","@id":"https:\/\/www.peter-electronic.com\/#website","url":"https:\/\/www.peter-electronic.com\/","name":"Frequenzumrichter, Softstarter und Bremsger\u00e4te direkt vom Hersteller","description":"","alternateName":"Frequenzumrichter, Softstarter und Bremsger\u00e4te direkt vom Hersteller","potentialAction":[{"@type":"SearchAction","target":{"@type":"EntryPoint","urlTemplate":"https:\/\/www.peter-electronic.com\/?s={search_term_string}"},"query-input":{"@type":"PropertyValueSpecification","valueRequired":true,"valueName":"search_term_string"}}],"inLanguage":"de"}]}},"_links":{"self":[{"href":"https:\/\/www.peter-electronic.com\/index.php?rest_route=\/wp\/v2\/product\/15153","targetHints":{"allow":["GET"]}}],"collection":[{"href":"https:\/\/www.peter-electronic.com\/index.php?rest_route=\/wp\/v2\/product"}],"about":[{"href":"https:\/\/www.peter-electronic.com\/index.php?rest_route=\/wp\/v2\/types\/product"}],"wp:featuredmedia":[{"embeddable":true,"href":"https:\/\/www.peter-electronic.com\/index.php?rest_route=\/wp\/v2\/media\/15160"}],"wp:attachment":[{"href":"https:\/\/www.peter-electronic.com\/index.php?rest_route=%2Fwp%2Fv2%2Fmedia&parent=15153"}],"wp:term":[{"taxonomy":"product_cat","embeddable":true,"href":"https:\/\/www.peter-electronic.com\/index.php?rest_route=%2Fwp%2Fv2%2Fproduct_cat&post=15153"},{"taxonomy":"product_tag","embeddable":true,"href":"https:\/\/www.peter-electronic.com\/index.php?rest_route=%2Fwp%2Fv2%2Fproduct_tag&post=15153"}],"curies":[{"name":"wp","href":"https:\/\/api.w.org\/{rel}","templated":true}]}}