{"id":12976,"date":"2017-03-23T06:52:27","date_gmt":"2017-03-23T05:52:27","guid":{"rendered":"https:\/\/www.peter.secondlevelserver.de\/?post_type=product&#038;p=12976"},"modified":"2025-04-30T12:23:57","modified_gmt":"2025-04-30T12:23:57","slug":"versistart-iii-9-45a-2","status":"publish","type":"product","link":"https:\/\/www.peter-electronic.com\/en\/produkt\/versistart-iii-9-45a-2\/","title":{"rendered":"VersiStart III [9 &#8211; 45A]"},"content":{"rendered":"","protected":false},"excerpt":{"rendered":"<p>Mit dem Sanftanlauf f\u00fcr Drehstrommotor VersiStart III [9 &#8211; 45A] bietet PETER electronic ein dreiphasengesteuertes Sanftanlaufger\u00e4t: Es vereint optimale Anlauf-Eigenschaften mit hochwertigen Ger\u00e4te- und Motorschutz- funktionen in einem besonders kompakten Geh\u00e4use.<\/p>\n","protected":false},"featured_media":12987,"template":"","meta":{"_acf_changed":false},"product_cat":[2284,2274,2282,2306],"product_tag":[],"class_list":{"0":"post-12976","1":"product","2":"type-product","3":"status-publish","4":"has-post-thumbnail","6":"product_cat-economy-range","7":"product_cat-products","8":"product_cat-soft-starters-2","9":"product_cat-three-phase-controlled","10":"pa_bevorzugte-einsatzgebiete-centrifuges","11":"pa_bevorzugte-einsatzgebiete-conveyors","12":"pa_bevorzugte-einsatzgebiete-drives-with-high-load","13":"pa_bevorzugte-einsatzgebiete-electric-pumps","14":"pa_bevorzugte-einsatzgebiete-extraction-systems","15":"pa_bevorzugte-einsatzgebiete-grinding-machines","16":"pa_bevorzugte-einsatzgebiete-others","17":"pa_bevorzugte-einsatzgebiete-saws","18":"pa_bevorzugte-einsatzgebiete-stirrers","19":"pa_bevorzugte-einsatzgebiete-vacuum-pumps","20":"pa_bevorzugte-einsatzgebiete-ventilators-and-fans","21":"pa_bevorzugte-einsatzgebiete-woodworking-machines","22":"pa_downloads-https-www-peter-electronic-com-wp-wp-content-uploads-sanftanlauf-drehstrommotor-versistart-3-9-45a-datenblatt-de-pdf-pdf-technisches-datenblatt-https-www-peter-electronic-com-wp-wp-content-uploads-san","23":"pa_funktionen-rated-device-current-and-tripping-class","24":"pa_funktionen-accel-time","25":"pa_funktionen-boost-start-selectable","26":"pa_funktionen-current-limiting","27":"pa_funktionen-decel-time","28":"pa_funktionen-potential-free-control-input-for","29":"pa_funktionen-potential-free-relay-output-for-operating-state","30":"pa_funktionen-separately-adjustable-parameters","31":"pa_funktionen-soft-acceleration-and-deceleration","32":"pa_funktionen-start-voltage","33":"pa_funktionen-transistor-output-unit-bypassed","34":"pa_geratenennstrom-3-5-a-en-2","35":"pa_geratenennstrom-6-a-en-2","36":"pa_geratenennstrom-6-5-a-en-2","37":"pa_geratenennstrom-9-a-en-2","38":"pa_geratenennstrom-12-a-en-2","39":"pa_geratenennstrom-15-a-en-2","40":"pa_geratenennstrom-16-a-2-en","41":"pa_geratenennstrom-17-a-en","42":"pa_geratenennstrom-18-a-en-2","43":"pa_geratenennstrom-22-a-en-2","44":"pa_geratenennstrom-23-a-en-2","45":"pa_geratenennstrom-24-a-en-2","46":"pa_geratenennstrom-25-a-en-2","47":"pa_geratenennstrom-30-a-en-2","48":"pa_geratenennstrom-32-a-en-2","49":"pa_geratenennstrom-34-a-en-2","50":"pa_geratenennstrom-36-a-en-2","51":"pa_geratenennstrom-37-a-en-2","52":"pa_geratenennstrom-38-a-en-2","53":"pa_geratenennstrom-40-a-en-2","54":"pa_geratenennstrom-42-a-en-2","55":"pa_geratenennstrom-43-a-en-2","56":"pa_geratenennstrom-45-a-en-2","57":"pa_geratenennstrom-48-a-en-2","58":"pa_geratenennstrom-52-a-en-2","59":"pa_geratenennstrom-53-a-en-2","60":"pa_geratenennstrom-60-a-en-2","61":"pa_geratenennstrom-65-a-en","62":"pa_geratenennstrom-69-a-en","63":"pa_geratenennstrom-72-a-en","64":"pa_geratenennstrom-75-a-en","65":"pa_geratenennstrom-76-a-en","66":"pa_geratenennstrom-80-a-en","67":"pa_geratenennstrom-85-a-en","68":"pa_geratenennstrom-100-a-en","69":"pa_geratenennstrom-105-a-en","70":"pa_geratenennstrom-132-a-en","71":"pa_geratenennstrom-135-a-en","72":"pa_geratenennstrom-140-a-en","73":"pa_geratenennstrom-145-a-en","74":"pa_geratenennstrom-170-a-en","75":"pa_geratenennstrom-184-a-en","76":"pa_geratenennstrom-200-a-en","77":"pa_geratenennstrom-220-a-en","78":"pa_geratenennstrom-222-a-en","79":"pa_geratenennstrom-229-a-en","80":"pa_geratenennstrom-250-a-en","81":"pa_geratenennstrom-255-a-en","82":"pa_geratenennstrom-350-a-en","83":"pa_geratenennstrom-352-a-en","84":"pa_geratenennstrom-360-a-en","85":"pa_geratenennstrom-397-a-en","86":"pa_geratenennstrom-400-a-en","87":"pa_geratenennstrom-410-a-en","88":"pa_geratenennstrom-425-a-en","89":"pa_geratenennstrom-500-a-en","90":"pa_geratenennstrom-550-a-en","91":"pa_geratenennstrom-580-a-en","92":"pa_geratenennstrom-600-a-en","93":"pa_geratenennstrom-700-a-en","94":"pa_geratenennstrom-820-a-en","95":"pa_geratenennstrom-835-a-en","96":"pa_geratenennstrom-920-a-en","97":"pa_geratenennstrom-940-a-en","98":"pa_geratenennstrom-1000-a-en","99":"pa_geratenennstrom-1070-a-en","100":"pa_geratenennstrom-1230-a-en","101":"pa_geratenennstrom-1250-a-en","102":"pa_menu-filter-kategorie-softstarter-dreiphasig-en","103":"pa_merkmale-45mm-up-to-25a-and-52","104":"pa_merkmale-5mm-at-45a","105":"pa_merkmale-compact-design","106":"pa_merkmale-connection-in-the-motor-delta-winding-cost-saving-via-smaller-rating","107":"pa_merkmale-controlled-by-microcontroller","108":"pa_merkmale-current-and-torque-reduction-during-acceleration","109":"pa_merkmale-degree-of-protection-ip20","110":"pa_merkmale-easy-mounting","111":"pa_merkmale-economically-priced-substitute-for-star-delta-starters","112":"pa_merkmale-for-snap-mounting-on-35-mm-standard-rail","113":"pa_merkmale-heat-sink-temperatur-monitoring","114":"pa_merkmale-integrated-bypass-relay","115":"pa_merkmale-motor-protection","116":"pa_merkmale-no-mains-neutral-conductor-n-required","117":"pa_merkmale-optimized-soft-start-and-current-control","118":"pa_merkmale-parameterization-by-means-of-potentiometers","119":"pa_merkmale-spring-loaded-terminals","120":"pa_merkmale-thermal-device-protection","121":"pa_merkmale-three-phase-controlled-soft-starter","122":"pa_netzspannung-3x-200-480vac-15-10-en","123":"pa_netzspannung-200-575-v-en","124":"pa_netzspannung-200-525-v-en","125":"pa_netzspannung-200-480-v-10-en","126":"pa_netzspannung-200-440-v-en","127":"pa_netzspannung-220-240-v-10-en","128":"pa_netzspannung-380-480-v-10-en","129":"pa_netzspannung-380-415-v-10-en","130":"pa_netzspannung-400-v-10-en","131":"pa_netzspannung-400-600-v-10-en","132":"pa_optionen-options-upon-request","133":"pa_optionen-control-supply-voltage-us-230vac-b","134":"pa_optionen-special-voltages-230v-and-480v","135":"pa_optionen-wide-voltage-range-200-480v-with-external","136":"pa_power-rating-2375","137":"pa_supply-voltage-2374","139":"first","140":"instock","141":"taxable","142":"shipping-taxable","143":"purchasable","144":"product-type-variable"},"acf":[],"yoast_head":"<!-- This site is optimized with the Yoast SEO plugin v23.9 - https:\/\/yoast.com\/wordpress\/plugins\/seo\/ -->\n<title>Sanftanlauf fu\u0308r Drehstrommotor, VersiStart III [9 - 45A]<\/title>\n<meta name=\"description\" content=\"Kompakter Sanftanlauf und Sanftauslauf fu\u0308r Drehstrommotor \u2713 Boost Start \u2713 Ku\u0308hlko\u0308rpertemperaturu\u0308berwachung \u2713 Motorschutzfunktion \/ VersiStart III [9 - 45A] \u27a4 online kaufen\" \/>\n<meta name=\"robots\" content=\"index, follow, max-snippet:-1, max-image-preview:large, max-video-preview:-1\" \/>\n<link rel=\"canonical\" href=\"https:\/\/www.peter-electronic.com\/produkt\/versistart-iii-9-45a-2\/\" \/>\n<script type=\"application\/ld+json\" class=\"yoast-schema-graph\">{\"@context\":\"https:\/\/schema.org\",\"@graph\":[{\"@type\":\"WebPage\",\"@id\":\"https:\/\/www.peter-electronic.com\/en\/produkt\/versistart-iii-9-45a-2\/\",\"url\":\"https:\/\/www.peter-electronic.com\/en\/produkt\/versistart-iii-9-45a-2\/\",\"name\":\"Sanftanlauf fu\u0308r Drehstrommotor, VersiStart III [9 - 45A]\",\"isPartOf\":{\"@id\":\"https:\/\/www.peter-electronic.com\/#website\"},\"primaryImageOfPage\":{\"@id\":\"https:\/\/www.peter-electronic.com\/en\/produkt\/versistart-iii-9-45a-2\/#primaryimage\"},\"image\":{\"@id\":\"https:\/\/www.peter-electronic.com\/en\/produkt\/versistart-iii-9-45a-2\/#primaryimage\"},\"thumbnailUrl\":\"https:\/\/www.peter-electronic.com\/wp-content\/uploads\/2020\/05\/products-softstarter_sanftanlauf_drehstrommotor_vs_3i_400-9-45a_2-1.png\",\"datePublished\":\"2017-03-23T05:52:27+00:00\",\"dateModified\":\"2025-04-30T12:23:57+00:00\",\"description\":\"Kompakter Sanftanlauf und Sanftauslauf fu\u0308r Drehstrommotor \u2713 Boost Start \u2713 Ku\u0308hlko\u0308rpertemperaturu\u0308berwachung \u2713 Motorschutzfunktion \/ VersiStart III [9 - 45A] \u27a4 online kaufen\",\"breadcrumb\":{\"@id\":\"https:\/\/www.peter-electronic.com\/en\/produkt\/versistart-iii-9-45a-2\/#breadcrumb\"},\"inLanguage\":\"de\",\"potentialAction\":[{\"@type\":\"ReadAction\",\"target\":[\"https:\/\/www.peter-electronic.com\/en\/produkt\/versistart-iii-9-45a-2\/\"]}]},{\"@type\":\"ImageObject\",\"inLanguage\":\"de\",\"@id\":\"https:\/\/www.peter-electronic.com\/en\/produkt\/versistart-iii-9-45a-2\/#primaryimage\",\"url\":\"https:\/\/www.peter-electronic.com\/wp-content\/uploads\/2020\/05\/products-softstarter_sanftanlauf_drehstrommotor_vs_3i_400-9-45a_2-1.png\",\"contentUrl\":\"https:\/\/www.peter-electronic.com\/wp-content\/uploads\/2020\/05\/products-softstarter_sanftanlauf_drehstrommotor_vs_3i_400-9-45a_2-1.png\",\"width\":620,\"height\":440},{\"@type\":\"BreadcrumbList\",\"@id\":\"https:\/\/www.peter-electronic.com\/en\/produkt\/versistart-iii-9-45a-2\/#breadcrumb\",\"itemListElement\":[{\"@type\":\"ListItem\",\"position\":1,\"name\":\"Startseite\",\"item\":\"https:\/\/www.peter-electronic.com\/\"},{\"@type\":\"ListItem\",\"position\":2,\"name\":\"Shop\",\"item\":\"https:\/\/www.peter-electronic.com\/shop\/\"},{\"@type\":\"ListItem\",\"position\":3,\"name\":\"VersiStart III [9 &#8211; 45A]\"}]},{\"@type\":\"WebSite\",\"@id\":\"https:\/\/www.peter-electronic.com\/#website\",\"url\":\"https:\/\/www.peter-electronic.com\/\",\"name\":\"Frequenzumrichter, Softstarter und Bremsger\u00e4te direkt vom Hersteller\",\"description\":\"\",\"alternateName\":\"Frequenzumrichter, Softstarter und Bremsger\u00e4te direkt vom Hersteller\",\"potentialAction\":[{\"@type\":\"SearchAction\",\"target\":{\"@type\":\"EntryPoint\",\"urlTemplate\":\"https:\/\/www.peter-electronic.com\/?s={search_term_string}\"},\"query-input\":{\"@type\":\"PropertyValueSpecification\",\"valueRequired\":true,\"valueName\":\"search_term_string\"}}],\"inLanguage\":\"de\"}]}<\/script>\n<!-- \/ Yoast SEO plugin. -->","yoast_head_json":{"title":"Sanftanlauf fu\u0308r Drehstrommotor, VersiStart III [9 - 45A]","description":"Kompakter Sanftanlauf und Sanftauslauf fu\u0308r Drehstrommotor \u2713 Boost Start \u2713 Ku\u0308hlko\u0308rpertemperaturu\u0308berwachung \u2713 Motorschutzfunktion \/ VersiStart III [9 - 45A] \u27a4 online kaufen","robots":{"index":"index","follow":"follow","max-snippet":"max-snippet:-1","max-image-preview":"max-image-preview:large","max-video-preview":"max-video-preview:-1"},"canonical":"https:\/\/www.peter-electronic.com\/produkt\/versistart-iii-9-45a-2\/","schema":{"@context":"https:\/\/schema.org","@graph":[{"@type":"WebPage","@id":"https:\/\/www.peter-electronic.com\/en\/produkt\/versistart-iii-9-45a-2\/","url":"https:\/\/www.peter-electronic.com\/en\/produkt\/versistart-iii-9-45a-2\/","name":"Sanftanlauf fu\u0308r Drehstrommotor, VersiStart III [9 - 45A]","isPartOf":{"@id":"https:\/\/www.peter-electronic.com\/#website"},"primaryImageOfPage":{"@id":"https:\/\/www.peter-electronic.com\/en\/produkt\/versistart-iii-9-45a-2\/#primaryimage"},"image":{"@id":"https:\/\/www.peter-electronic.com\/en\/produkt\/versistart-iii-9-45a-2\/#primaryimage"},"thumbnailUrl":"https:\/\/www.peter-electronic.com\/wp-content\/uploads\/2020\/05\/products-softstarter_sanftanlauf_drehstrommotor_vs_3i_400-9-45a_2-1.png","datePublished":"2017-03-23T05:52:27+00:00","dateModified":"2025-04-30T12:23:57+00:00","description":"Kompakter Sanftanlauf und Sanftauslauf fu\u0308r Drehstrommotor \u2713 Boost Start \u2713 Ku\u0308hlko\u0308rpertemperaturu\u0308berwachung \u2713 Motorschutzfunktion \/ VersiStart III [9 - 45A] \u27a4 online kaufen","breadcrumb":{"@id":"https:\/\/www.peter-electronic.com\/en\/produkt\/versistart-iii-9-45a-2\/#breadcrumb"},"inLanguage":"de","potentialAction":[{"@type":"ReadAction","target":["https:\/\/www.peter-electronic.com\/en\/produkt\/versistart-iii-9-45a-2\/"]}]},{"@type":"ImageObject","inLanguage":"de","@id":"https:\/\/www.peter-electronic.com\/en\/produkt\/versistart-iii-9-45a-2\/#primaryimage","url":"https:\/\/www.peter-electronic.com\/wp-content\/uploads\/2020\/05\/products-softstarter_sanftanlauf_drehstrommotor_vs_3i_400-9-45a_2-1.png","contentUrl":"https:\/\/www.peter-electronic.com\/wp-content\/uploads\/2020\/05\/products-softstarter_sanftanlauf_drehstrommotor_vs_3i_400-9-45a_2-1.png","width":620,"height":440},{"@type":"BreadcrumbList","@id":"https:\/\/www.peter-electronic.com\/en\/produkt\/versistart-iii-9-45a-2\/#breadcrumb","itemListElement":[{"@type":"ListItem","position":1,"name":"Startseite","item":"https:\/\/www.peter-electronic.com\/"},{"@type":"ListItem","position":2,"name":"Shop","item":"https:\/\/www.peter-electronic.com\/shop\/"},{"@type":"ListItem","position":3,"name":"VersiStart III [9 &#8211; 45A]"}]},{"@type":"WebSite","@id":"https:\/\/www.peter-electronic.com\/#website","url":"https:\/\/www.peter-electronic.com\/","name":"Frequenzumrichter, Softstarter und Bremsger\u00e4te direkt vom Hersteller","description":"","alternateName":"Frequenzumrichter, Softstarter und Bremsger\u00e4te direkt vom Hersteller","potentialAction":[{"@type":"SearchAction","target":{"@type":"EntryPoint","urlTemplate":"https:\/\/www.peter-electronic.com\/?s={search_term_string}"},"query-input":{"@type":"PropertyValueSpecification","valueRequired":true,"valueName":"search_term_string"}}],"inLanguage":"de"}]}},"_links":{"self":[{"href":"https:\/\/www.peter-electronic.com\/index.php?rest_route=\/wp\/v2\/product\/12976","targetHints":{"allow":["GET"]}}],"collection":[{"href":"https:\/\/www.peter-electronic.com\/index.php?rest_route=\/wp\/v2\/product"}],"about":[{"href":"https:\/\/www.peter-electronic.com\/index.php?rest_route=\/wp\/v2\/types\/product"}],"wp:featuredmedia":[{"embeddable":true,"href":"https:\/\/www.peter-electronic.com\/index.php?rest_route=\/wp\/v2\/media\/12987"}],"wp:attachment":[{"href":"https:\/\/www.peter-electronic.com\/index.php?rest_route=%2Fwp%2Fv2%2Fmedia&parent=12976"}],"wp:term":[{"taxonomy":"product_cat","embeddable":true,"href":"https:\/\/www.peter-electronic.com\/index.php?rest_route=%2Fwp%2Fv2%2Fproduct_cat&post=12976"},{"taxonomy":"product_tag","embeddable":true,"href":"https:\/\/www.peter-electronic.com\/index.php?rest_route=%2Fwp%2Fv2%2Fproduct_tag&post=12976"}],"curies":[{"name":"wp","href":"https:\/\/api.w.org\/{rel}","templated":true}]}}