{"id":12779,"date":"2017-03-22T03:21:24","date_gmt":"2017-03-22T03:21:24","guid":{"rendered":"https:\/\/www.peter.secondlevelserver.de\/?post_type=product&#038;p=12779"},"modified":"2025-12-19T13:39:36","modified_gmt":"2025-12-19T12:39:36","slug":"sgp-2-5-16a","status":"publish","type":"product","link":"https:\/\/www.peter-electronic.com\/produkt\/sgp-2-5-16a\/","title":{"rendered":"SGP [2,5 &#8211; 16A]"},"content":{"rendered":"","protected":false},"excerpt":{"rendered":"<p>Die elektronischen Drehzahlregler<br \/>\nSGP 160-2,5\/4\/8P\/16P werden zur Drehzahlregelung von Gleichstrom-Nebenstrommotoren mit Fremd- und Premanenterregung eingesetzt.<br \/>\nDie Regler zeichnen sich durch gro\u00dfe Drehzahlstabilit\u00e4t, unabh\u00e4nging von Temperatur-, Spannungs- und Belastungsschwankungen aus.<\/p>\n","protected":false},"featured_media":12800,"template":"","meta":{"_acf_changed":false},"product_cat":[2289,2273],"product_tag":[],"class_list":{"0":"post-12779","1":"product","2":"type-product","3":"status-publish","4":"has-post-thumbnail","6":"product_cat-gleichstromregler","7":"product_cat-produkte","8":"pa_ankerstrom-2-5-a","9":"pa_ankerstrom-4-a","10":"pa_ankerstrom-8-a","11":"pa_ankerstrom-16-a","12":"pa_application-area-2357","13":"pa_bevorzugte-einsatzgebiete-forderanlagen-druckmaschinen-pumpen-drehtischantriebe-schweibdrahtvorschube-verpackungsmaschinen-sonstige","14":"pa_downloads-https-www-peter-electronic-com-wp-wp-content-uploads-thyristorsteller-sgp-2-5-16a-datenblatt-de-pdf-pdf-technisches-datenblatt-https-www-peter-electronic-com-wp-wp-content-uploads-thyristorsteller-sgp","15":"pa_funktionen-funktionen-gleichstromregler-halbgesteuerte-symmetrische-bruckenschaltung-mit-erregerspannungsquelle-einstellbarer-stromregler-und-damit-sehr-gut-fur-permanenterregte-motoren-einsetzbar","16":"pa_menu-filter-kategorie-schaltschrankinstallation-6","17":"pa_merkmale-merkmale-gleichstromregler-fur-motoren-mit-fremd-und-permanenterregung-1q-betrieb-regelbereich-bei-ankerspannungsregelung-1-30-regelbereich-bei-tachoregelung-1-100-schutzart-ip-00","18":"pa_option-apc-bremsstromanzeige-steckbare-steuerklemmen-motor-ptc-berwachung-stern-dreieck-anlaufansteuerung-stillstandsmelderelais-bremsstromuberwachung","19":"pa_option-b-200-575-v-10","20":"pa_option-c1-ansteuerungsspannung-110-120-vac-oder-220-240-vac-10-15","21":"pa_option-c1-steuerspannungs-konfiguration-110-240-vac-oder-380-440-vac-10-15","22":"pa_option-c2-ansteuerungsspannung-24-vac-vdc-20","23":"pa_option-c2-steuerspannungs-konfiguration-24-vac-vdc-20","24":"pa_option-i-meldekontakt-motor-ptc-stromregelfunktion-kuhlkorpertemparaturuberwachung","25":"pa_option-l-ausfuhrung-ip-20","26":"pa_option-lp-ausfuhrung-ip-00","27":"pa_option-mit-schalter","28":"pa_option-ohne-schalter","29":"pa_option-p-mit-potentialtrennung","30":"pa_option-st-steckbar-mit-stiftleiste-din-41617","31":"pa_option-st-p-steckbar-mit-potentialtrennung","32":"pa_option-standard","33":"pa_option-ul-ausfuhrung","34":"pa_optionen-optionen-gleichstromregler-p-mit-potentialtrennung-bei-sgp-180-8p-16p-standardausfuhrung-st-steckbar-mit-stiftleiste-din-41617-st-p-steckbar-mit-potentialtrennung","35":"pa_power-rating-2359","36":"pa_prafix-name-thyristorsteller","37":"pa_supply-voltage-2358","39":"first","40":"instock","41":"taxable","42":"shipping-taxable","43":"purchasable","44":"product-type-variable"},"acf":[],"yoast_head":"<!-- This site is optimized with the Yoast SEO plugin v23.9 - https:\/\/yoast.com\/wordpress\/plugins\/seo\/ -->\n<title>Thyristorsteller mit einstellbarem Stromregler, SGP [2,5 - 16A]<\/title>\n<meta name=\"description\" content=\"Thyristorsteller \u2713 Fo\u0308rderanlagen \u2713 Druckmaschinen \u2713 Pumpen \u2713 Drehtischantriebe, etc. \/ Gleichstromregler fu\u0308r Motoren mit Permanenterregung \u27a4 direkt vom Hersteller\" \/>\n<meta name=\"robots\" content=\"index, follow, max-snippet:-1, max-image-preview:large, max-video-preview:-1\" \/>\n<link rel=\"canonical\" href=\"https:\/\/www.peter-electronic.com\/produkt\/sgp-2-5-16a\/\" \/>\n<script type=\"application\/ld+json\" class=\"yoast-schema-graph\">{\"@context\":\"https:\/\/schema.org\",\"@graph\":[{\"@type\":\"WebPage\",\"@id\":\"https:\/\/www.peter-electronic.com\/produkt\/sgp-2-5-16a\/\",\"url\":\"https:\/\/www.peter-electronic.com\/produkt\/sgp-2-5-16a\/\",\"name\":\"Thyristorsteller mit einstellbarem Stromregler, SGP [2,5 - 16A]\",\"isPartOf\":{\"@id\":\"https:\/\/www.peter-electronic.com\/#website\"},\"primaryImageOfPage\":{\"@id\":\"https:\/\/www.peter-electronic.com\/produkt\/sgp-2-5-16a\/#primaryimage\"},\"image\":{\"@id\":\"https:\/\/www.peter-electronic.com\/produkt\/sgp-2-5-16a\/#primaryimage\"},\"thumbnailUrl\":\"https:\/\/www.peter-electronic.com\/wp-content\/uploads\/2020\/05\/products-gleichstromregler_gleichstromregler_sgp-2_5-16a_10.png\",\"datePublished\":\"2017-03-22T03:21:24+00:00\",\"dateModified\":\"2025-12-19T12:39:36+00:00\",\"description\":\"Thyristorsteller \u2713 Fo\u0308rderanlagen \u2713 Druckmaschinen \u2713 Pumpen \u2713 Drehtischantriebe, etc. \/ Gleichstromregler fu\u0308r Motoren mit Permanenterregung \u27a4 direkt vom Hersteller\",\"breadcrumb\":{\"@id\":\"https:\/\/www.peter-electronic.com\/produkt\/sgp-2-5-16a\/#breadcrumb\"},\"inLanguage\":\"de\",\"potentialAction\":[{\"@type\":\"ReadAction\",\"target\":[\"https:\/\/www.peter-electronic.com\/produkt\/sgp-2-5-16a\/\"]}]},{\"@type\":\"ImageObject\",\"inLanguage\":\"de\",\"@id\":\"https:\/\/www.peter-electronic.com\/produkt\/sgp-2-5-16a\/#primaryimage\",\"url\":\"https:\/\/www.peter-electronic.com\/wp-content\/uploads\/2020\/05\/products-gleichstromregler_gleichstromregler_sgp-2_5-16a_10.png\",\"contentUrl\":\"https:\/\/www.peter-electronic.com\/wp-content\/uploads\/2020\/05\/products-gleichstromregler_gleichstromregler_sgp-2_5-16a_10.png\",\"width\":620,\"height\":440},{\"@type\":\"BreadcrumbList\",\"@id\":\"https:\/\/www.peter-electronic.com\/produkt\/sgp-2-5-16a\/#breadcrumb\",\"itemListElement\":[{\"@type\":\"ListItem\",\"position\":1,\"name\":\"Startseite\",\"item\":\"https:\/\/www.peter-electronic.com\/\"},{\"@type\":\"ListItem\",\"position\":2,\"name\":\"Shop\",\"item\":\"https:\/\/www.peter-electronic.com\/shop\/\"},{\"@type\":\"ListItem\",\"position\":3,\"name\":\"SGP [2,5 &#8211; 16A]\"}]},{\"@type\":\"WebSite\",\"@id\":\"https:\/\/www.peter-electronic.com\/#website\",\"url\":\"https:\/\/www.peter-electronic.com\/\",\"name\":\"Frequenzumrichter, Softstarter und Bremsger\u00e4te direkt vom Hersteller\",\"description\":\"\",\"alternateName\":\"Frequenzumrichter, Softstarter und Bremsger\u00e4te direkt vom Hersteller\",\"potentialAction\":[{\"@type\":\"SearchAction\",\"target\":{\"@type\":\"EntryPoint\",\"urlTemplate\":\"https:\/\/www.peter-electronic.com\/?s={search_term_string}\"},\"query-input\":{\"@type\":\"PropertyValueSpecification\",\"valueRequired\":true,\"valueName\":\"search_term_string\"}}],\"inLanguage\":\"de\"}]}<\/script>\n<!-- \/ Yoast SEO plugin. -->","yoast_head_json":{"title":"Thyristorsteller mit einstellbarem Stromregler, SGP [2,5 - 16A]","description":"Thyristorsteller \u2713 Fo\u0308rderanlagen \u2713 Druckmaschinen \u2713 Pumpen \u2713 Drehtischantriebe, etc. \/ Gleichstromregler fu\u0308r Motoren mit Permanenterregung \u27a4 direkt vom Hersteller","robots":{"index":"index","follow":"follow","max-snippet":"max-snippet:-1","max-image-preview":"max-image-preview:large","max-video-preview":"max-video-preview:-1"},"canonical":"https:\/\/www.peter-electronic.com\/produkt\/sgp-2-5-16a\/","schema":{"@context":"https:\/\/schema.org","@graph":[{"@type":"WebPage","@id":"https:\/\/www.peter-electronic.com\/produkt\/sgp-2-5-16a\/","url":"https:\/\/www.peter-electronic.com\/produkt\/sgp-2-5-16a\/","name":"Thyristorsteller mit einstellbarem Stromregler, SGP [2,5 - 16A]","isPartOf":{"@id":"https:\/\/www.peter-electronic.com\/#website"},"primaryImageOfPage":{"@id":"https:\/\/www.peter-electronic.com\/produkt\/sgp-2-5-16a\/#primaryimage"},"image":{"@id":"https:\/\/www.peter-electronic.com\/produkt\/sgp-2-5-16a\/#primaryimage"},"thumbnailUrl":"https:\/\/www.peter-electronic.com\/wp-content\/uploads\/2020\/05\/products-gleichstromregler_gleichstromregler_sgp-2_5-16a_10.png","datePublished":"2017-03-22T03:21:24+00:00","dateModified":"2025-12-19T12:39:36+00:00","description":"Thyristorsteller \u2713 Fo\u0308rderanlagen \u2713 Druckmaschinen \u2713 Pumpen \u2713 Drehtischantriebe, etc. \/ Gleichstromregler fu\u0308r Motoren mit Permanenterregung \u27a4 direkt vom Hersteller","breadcrumb":{"@id":"https:\/\/www.peter-electronic.com\/produkt\/sgp-2-5-16a\/#breadcrumb"},"inLanguage":"de","potentialAction":[{"@type":"ReadAction","target":["https:\/\/www.peter-electronic.com\/produkt\/sgp-2-5-16a\/"]}]},{"@type":"ImageObject","inLanguage":"de","@id":"https:\/\/www.peter-electronic.com\/produkt\/sgp-2-5-16a\/#primaryimage","url":"https:\/\/www.peter-electronic.com\/wp-content\/uploads\/2020\/05\/products-gleichstromregler_gleichstromregler_sgp-2_5-16a_10.png","contentUrl":"https:\/\/www.peter-electronic.com\/wp-content\/uploads\/2020\/05\/products-gleichstromregler_gleichstromregler_sgp-2_5-16a_10.png","width":620,"height":440},{"@type":"BreadcrumbList","@id":"https:\/\/www.peter-electronic.com\/produkt\/sgp-2-5-16a\/#breadcrumb","itemListElement":[{"@type":"ListItem","position":1,"name":"Startseite","item":"https:\/\/www.peter-electronic.com\/"},{"@type":"ListItem","position":2,"name":"Shop","item":"https:\/\/www.peter-electronic.com\/shop\/"},{"@type":"ListItem","position":3,"name":"SGP [2,5 &#8211; 16A]"}]},{"@type":"WebSite","@id":"https:\/\/www.peter-electronic.com\/#website","url":"https:\/\/www.peter-electronic.com\/","name":"Frequenzumrichter, Softstarter und Bremsger\u00e4te direkt vom Hersteller","description":"","alternateName":"Frequenzumrichter, Softstarter und Bremsger\u00e4te direkt vom Hersteller","potentialAction":[{"@type":"SearchAction","target":{"@type":"EntryPoint","urlTemplate":"https:\/\/www.peter-electronic.com\/?s={search_term_string}"},"query-input":{"@type":"PropertyValueSpecification","valueRequired":true,"valueName":"search_term_string"}}],"inLanguage":"de"}]}},"_links":{"self":[{"href":"https:\/\/www.peter-electronic.com\/index.php?rest_route=\/wp\/v2\/product\/12779","targetHints":{"allow":["GET"]}}],"collection":[{"href":"https:\/\/www.peter-electronic.com\/index.php?rest_route=\/wp\/v2\/product"}],"about":[{"href":"https:\/\/www.peter-electronic.com\/index.php?rest_route=\/wp\/v2\/types\/product"}],"wp:featuredmedia":[{"embeddable":true,"href":"https:\/\/www.peter-electronic.com\/index.php?rest_route=\/wp\/v2\/media\/12800"}],"wp:attachment":[{"href":"https:\/\/www.peter-electronic.com\/index.php?rest_route=%2Fwp%2Fv2%2Fmedia&parent=12779"}],"wp:term":[{"taxonomy":"product_cat","embeddable":true,"href":"https:\/\/www.peter-electronic.com\/index.php?rest_route=%2Fwp%2Fv2%2Fproduct_cat&post=12779"},{"taxonomy":"product_tag","embeddable":true,"href":"https:\/\/www.peter-electronic.com\/index.php?rest_route=%2Fwp%2Fv2%2Fproduct_tag&post=12779"}],"curies":[{"name":"wp","href":"https:\/\/api.w.org\/{rel}","templated":true}]}}