{"id":9376,"date":"2023-01-25T09:27:54","date_gmt":"2023-01-25T08:27:54","guid":{"rendered":"https:\/\/www.peter.secondlevelserver.de\/?page_id=9376"},"modified":"2026-03-10T10:18:17","modified_gmt":"2026-03-10T09:18:17","slug":"startseite","status":"publish","type":"page","link":"https:\/\/www.peter-electronic.com\/","title":{"rendered":"Startseite"},"content":{"rendered":"","protected":false},"excerpt":{"rendered":"","protected":false},"author":1,"featured_media":0,"parent":0,"menu_order":0,"comment_status":"closed","ping_status":"closed","template":"","meta":{"_acf_changed":false,"footnotes":""},"class_list":["post-9376","page","type-page","status-publish","hentry"],"acf":[],"yoast_head":"<!-- This site is optimized with the Yoast SEO plugin v23.9 - https:\/\/yoast.com\/wordpress\/plugins\/seo\/ -->\n<title>Frequenzumrichter, Softstarter und Bremsger\u00e4te direkt vom Hersteller<\/title>\n<meta name=\"description\" content=\"Der spezialisierte Hersteller f\u00fcr innovative Frequenzumrichter, Softstarter, Bremsger\u00e4te, Motorstart-Bremskombinationen, Gleichstromregler - Qualit\u00e4t seit 1976.Frequenzumrichter und Netzfilter zur optimierten Drehzahlregelung - IP20 \/ IP55 \/ IP66 - iE3 ready - direkt vom Hersteller.Softstarter, Sanftanlaufger\u00e4te, Sanftanlasser verl\u00e4ngert die Lebensdauer Ihrer Anlagen zuverl\u00e4ssig! Jetzt individuelle Beratung und Testger\u00e4t anfordern.Bremsger\u00e4te, Gleichstrombremsen mit integrierter Stillstandserkennung direkt vom Hersteller.\" \/>\n<meta name=\"robots\" content=\"index, follow, max-snippet:-1, max-image-preview:large, max-video-preview:-1\" \/>\n<link rel=\"canonical\" href=\"https:\/\/www.peter-electronic.com\/\" \/>\n<script type=\"application\/ld+json\" class=\"yoast-schema-graph\">{\"@context\":\"https:\/\/schema.org\",\"@graph\":[{\"@type\":\"WebPage\",\"@id\":\"https:\/\/www.peter-electronic.com\/\",\"url\":\"https:\/\/www.peter-electronic.com\/\",\"name\":\"Frequenzumrichter, Softstarter und Bremsger\u00e4te direkt vom Hersteller\",\"isPartOf\":{\"@id\":\"https:\/\/www.peter-electronic.com\/#website\"},\"datePublished\":\"2023-01-25T08:27:54+00:00\",\"dateModified\":\"2026-03-10T09:18:17+00:00\",\"description\":\"Der spezialisierte Hersteller f\u00fcr innovative Frequenzumrichter, Softstarter, Bremsger\u00e4te, Motorstart-Bremskombinationen, Gleichstromregler - Qualit\u00e4t seit 1976.Frequenzumrichter und Netzfilter zur optimierten Drehzahlregelung - IP20 \/ IP55 \/ IP66 - iE3 ready - direkt vom Hersteller.Softstarter, Sanftanlaufger\u00e4te, Sanftanlasser verl\u00e4ngert die Lebensdauer Ihrer Anlagen zuverl\u00e4ssig! Jetzt individuelle Beratung und Testger\u00e4t anfordern.Bremsger\u00e4te, Gleichstrombremsen mit integrierter Stillstandserkennung direkt vom Hersteller.\",\"breadcrumb\":{\"@id\":\"https:\/\/www.peter-electronic.com\/#breadcrumb\"},\"inLanguage\":\"de\",\"potentialAction\":[{\"@type\":\"ReadAction\",\"target\":[\"https:\/\/www.peter-electronic.com\/\"]}]},{\"@type\":\"BreadcrumbList\",\"@id\":\"https:\/\/www.peter-electronic.com\/#breadcrumb\",\"itemListElement\":[{\"@type\":\"ListItem\",\"position\":1,\"name\":\"Startseite\",\"item\":\"https:\/\/www.peter-electronic.com\/\"},{\"@type\":\"ListItem\",\"position\":2,\"name\":\"Startseite\"}]},{\"@type\":\"WebSite\",\"@id\":\"https:\/\/www.peter-electronic.com\/#website\",\"url\":\"https:\/\/www.peter-electronic.com\/\",\"name\":\"Frequenzumrichter, Softstarter und Bremsger\u00e4te direkt vom Hersteller\",\"description\":\"\",\"alternateName\":\"Frequenzumrichter, Softstarter und Bremsger\u00e4te direkt vom Hersteller\",\"potentialAction\":[{\"@type\":\"SearchAction\",\"target\":{\"@type\":\"EntryPoint\",\"urlTemplate\":\"https:\/\/www.peter-electronic.com\/?s={search_term_string}\"},\"query-input\":{\"@type\":\"PropertyValueSpecification\",\"valueRequired\":true,\"valueName\":\"search_term_string\"}}],\"inLanguage\":\"de\"}]}<\/script>\n<!-- \/ Yoast SEO plugin. -->","yoast_head_json":{"title":"Frequenzumrichter, Softstarter und Bremsger\u00e4te direkt vom Hersteller","description":"Der spezialisierte Hersteller f\u00fcr innovative Frequenzumrichter, Softstarter, Bremsger\u00e4te, Motorstart-Bremskombinationen, Gleichstromregler - Qualit\u00e4t seit 1976.Frequenzumrichter und Netzfilter zur optimierten Drehzahlregelung - IP20 \/ IP55 \/ IP66 - iE3 ready - direkt vom Hersteller.Softstarter, Sanftanlaufger\u00e4te, Sanftanlasser verl\u00e4ngert die Lebensdauer Ihrer Anlagen zuverl\u00e4ssig! Jetzt individuelle Beratung und Testger\u00e4t anfordern.Bremsger\u00e4te, Gleichstrombremsen mit integrierter Stillstandserkennung direkt vom Hersteller.","robots":{"index":"index","follow":"follow","max-snippet":"max-snippet:-1","max-image-preview":"max-image-preview:large","max-video-preview":"max-video-preview:-1"},"canonical":"https:\/\/www.peter-electronic.com\/","schema":{"@context":"https:\/\/schema.org","@graph":[{"@type":"WebPage","@id":"https:\/\/www.peter-electronic.com\/","url":"https:\/\/www.peter-electronic.com\/","name":"Frequenzumrichter, Softstarter und Bremsger\u00e4te direkt vom Hersteller","isPartOf":{"@id":"https:\/\/www.peter-electronic.com\/#website"},"datePublished":"2023-01-25T08:27:54+00:00","dateModified":"2026-03-10T09:18:17+00:00","description":"Der spezialisierte Hersteller f\u00fcr innovative Frequenzumrichter, Softstarter, Bremsger\u00e4te, Motorstart-Bremskombinationen, Gleichstromregler - Qualit\u00e4t seit 1976.Frequenzumrichter und Netzfilter zur optimierten Drehzahlregelung - IP20 \/ IP55 \/ IP66 - iE3 ready - direkt vom Hersteller.Softstarter, Sanftanlaufger\u00e4te, Sanftanlasser verl\u00e4ngert die Lebensdauer Ihrer Anlagen zuverl\u00e4ssig! Jetzt individuelle Beratung und Testger\u00e4t anfordern.Bremsger\u00e4te, Gleichstrombremsen mit integrierter Stillstandserkennung direkt vom Hersteller.","breadcrumb":{"@id":"https:\/\/www.peter-electronic.com\/#breadcrumb"},"inLanguage":"de","potentialAction":[{"@type":"ReadAction","target":["https:\/\/www.peter-electronic.com\/"]}]},{"@type":"BreadcrumbList","@id":"https:\/\/www.peter-electronic.com\/#breadcrumb","itemListElement":[{"@type":"ListItem","position":1,"name":"Startseite","item":"https:\/\/www.peter-electronic.com\/"},{"@type":"ListItem","position":2,"name":"Startseite"}]},{"@type":"WebSite","@id":"https:\/\/www.peter-electronic.com\/#website","url":"https:\/\/www.peter-electronic.com\/","name":"Frequenzumrichter, Softstarter und Bremsger\u00e4te direkt vom Hersteller","description":"","alternateName":"Frequenzumrichter, Softstarter und Bremsger\u00e4te direkt vom Hersteller","potentialAction":[{"@type":"SearchAction","target":{"@type":"EntryPoint","urlTemplate":"https:\/\/www.peter-electronic.com\/?s={search_term_string}"},"query-input":{"@type":"PropertyValueSpecification","valueRequired":true,"valueName":"search_term_string"}}],"inLanguage":"de"}]}},"_links":{"self":[{"href":"https:\/\/www.peter-electronic.com\/index.php?rest_route=\/wp\/v2\/pages\/9376","targetHints":{"allow":["GET"]}}],"collection":[{"href":"https:\/\/www.peter-electronic.com\/index.php?rest_route=\/wp\/v2\/pages"}],"about":[{"href":"https:\/\/www.peter-electronic.com\/index.php?rest_route=\/wp\/v2\/types\/page"}],"author":[{"embeddable":true,"href":"https:\/\/www.peter-electronic.com\/index.php?rest_route=\/wp\/v2\/users\/1"}],"replies":[{"embeddable":true,"href":"https:\/\/www.peter-electronic.com\/index.php?rest_route=%2Fwp%2Fv2%2Fcomments&post=9376"}],"version-history":[{"count":52,"href":"https:\/\/www.peter-electronic.com\/index.php?rest_route=\/wp\/v2\/pages\/9376\/revisions"}],"predecessor-version":[{"id":18306,"href":"https:\/\/www.peter-electronic.com\/index.php?rest_route=\/wp\/v2\/pages\/9376\/revisions\/18306"}],"wp:attachment":[{"href":"https:\/\/www.peter-electronic.com\/index.php?rest_route=%2Fwp%2Fv2%2Fmedia&parent=9376"}],"curies":[{"name":"wp","href":"https:\/\/api.w.org\/{rel}","templated":true}]}}