{"id":93,"date":"2017-01-25T22:33:23","date_gmt":"2017-01-25T21:33:23","guid":{"rendered":"https:\/\/www.peter-electronic.com\/wp\/faq\/frequenzumrichter\/verfuegt-mein-frequenzumrichter-versidrive-i-e2-ueber-ein-internes-filter\/"},"modified":"2017-01-25T22:33:23","modified_gmt":"2017-01-25T21:33:23","slug":"verfuegt-mein-frequenzumrichter-versidrive-i-e2-ueber-ein-internes-filter","status":"publish","type":"page","link":"https:\/\/www.peter-electronic.com\/service\/faq\/frequenzumrichter\/verfuegt-mein-frequenzumrichter-versidrive-i-e2-ueber-ein-internes-filter\/","title":{"rendered":"Verf\u00fcgt mein Frequenzumrichter VersiDrive\u00a0i\u00a0E2 \u00fcber ein internes Filter?"},"content":{"rendered":"<p><em>Frequenzumrichter \u2013 Netzseitige Installation<\/em><\/p>\n<hr \/>\n<h1>Verf\u00fcgt mein Frequenzumrichter VersiDrive&nbsp;i&nbsp;E2 \u00fcber ein internes Filter?<\/h1>\n<p>Alle Ger\u00e4te der Frequenzumrichter Reihe VersiDrive\u00a0i beinhalten grunds\u00e4tzlich einen eingebauten Netzfilter.<\/p>\n<p>N\u00e4here Informationen zur Konformit\u00e4t der einzelnen VersiDrive\u00a0i-Ger\u00e4te, finden Sie unter dem Abschnitt \u201eKonformit\u00e4tserkl\u00e4rung\u201c der jeweiligen Montage- und Inbetriebnahmeanleitung.<\/p>\n<hr \/>\n","protected":false},"excerpt":{"rendered":"<p>Frequenzumrichter \u2013 Netzseitige Installation Verf\u00fcgt mein Frequenzumrichter VersiDrive&nbsp;i&nbsp;E2 \u00fcber ein internes Filter? Alle Ger\u00e4te der Frequenzumrichter Reihe VersiDrive\u00a0i beinhalten grunds\u00e4tzlich einen eingebauten Netzfilter. N\u00e4here Informationen zur Konformit\u00e4t der einzelnen VersiDrive\u00a0i-Ger\u00e4te, finden Sie unter dem Abschnitt \u201eKonformit\u00e4tserkl\u00e4rung\u201c der jeweiligen Montage- und Inbetriebnahmeanleitung.<\/p>\n","protected":false},"author":1,"featured_media":0,"parent":79,"menu_order":11,"comment_status":"closed","ping_status":"closed","template":"","meta":{"_acf_changed":false,"footnotes":""},"class_list":["post-93","page","type-page","status-publish","hentry"],"acf":[],"yoast_head":"<!-- This site is optimized with the Yoast SEO plugin v23.9 - https:\/\/yoast.com\/wordpress\/plugins\/seo\/ -->\n<title>Verf\u00fcgt mein Frequenzumrichter VersiDrive\u00a0i\u00a0E2 \u00fcber ein internes Filter? - Frequenzumrichter, Softstarter und Bremsger\u00e4te direkt vom Hersteller<\/title>\n<meta name=\"robots\" content=\"index, follow, max-snippet:-1, max-image-preview:large, max-video-preview:-1\" \/>\n<link rel=\"canonical\" href=\"https:\/\/www.peter-electronic.com\/service\/faq\/frequenzumrichter\/verfuegt-mein-frequenzumrichter-versidrive-i-e2-ueber-ein-internes-filter\/\" \/>\n<script type=\"application\/ld+json\" class=\"yoast-schema-graph\">{\"@context\":\"https:\/\/schema.org\",\"@graph\":[{\"@type\":\"WebPage\",\"@id\":\"https:\/\/www.peter-electronic.com\/service\/faq\/frequenzumrichter\/verfuegt-mein-frequenzumrichter-versidrive-i-e2-ueber-ein-internes-filter\/\",\"url\":\"https:\/\/www.peter-electronic.com\/service\/faq\/frequenzumrichter\/verfuegt-mein-frequenzumrichter-versidrive-i-e2-ueber-ein-internes-filter\/\",\"name\":\"Verf\u00fcgt mein Frequenzumrichter VersiDrive\u00a0i\u00a0E2 \u00fcber ein internes Filter? - Frequenzumrichter, Softstarter und Bremsger\u00e4te direkt vom Hersteller\",\"isPartOf\":{\"@id\":\"https:\/\/www.peter-electronic.com\/#website\"},\"datePublished\":\"2017-01-25T21:33:23+00:00\",\"dateModified\":\"2017-01-25T21:33:23+00:00\",\"breadcrumb\":{\"@id\":\"https:\/\/www.peter-electronic.com\/service\/faq\/frequenzumrichter\/verfuegt-mein-frequenzumrichter-versidrive-i-e2-ueber-ein-internes-filter\/#breadcrumb\"},\"inLanguage\":\"de\",\"potentialAction\":[{\"@type\":\"ReadAction\",\"target\":[\"https:\/\/www.peter-electronic.com\/service\/faq\/frequenzumrichter\/verfuegt-mein-frequenzumrichter-versidrive-i-e2-ueber-ein-internes-filter\/\"]}]},{\"@type\":\"BreadcrumbList\",\"@id\":\"https:\/\/www.peter-electronic.com\/service\/faq\/frequenzumrichter\/verfuegt-mein-frequenzumrichter-versidrive-i-e2-ueber-ein-internes-filter\/#breadcrumb\",\"itemListElement\":[{\"@type\":\"ListItem\",\"position\":1,\"name\":\"Startseite\",\"item\":\"https:\/\/www.peter-electronic.com\/\"},{\"@type\":\"ListItem\",\"position\":2,\"name\":\"Service\",\"item\":\"https:\/\/www.peter-electronic.com\/service\/\"},{\"@type\":\"ListItem\",\"position\":3,\"name\":\"FAQ-Center\",\"item\":\"https:\/\/www.peter-electronic.com\/service\/faq\/\"},{\"@type\":\"ListItem\",\"position\":4,\"name\":\"Frequenzumrichter\",\"item\":\"https:\/\/www.peter-electronic.com\/service\/faq\/frequenzumrichter\/\"},{\"@type\":\"ListItem\",\"position\":5,\"name\":\"Verf\u00fcgt mein Frequenzumrichter VersiDrive\u00a0i\u00a0E2 \u00fcber ein internes Filter?\"}]},{\"@type\":\"WebSite\",\"@id\":\"https:\/\/www.peter-electronic.com\/#website\",\"url\":\"https:\/\/www.peter-electronic.com\/\",\"name\":\"Frequenzumrichter, Softstarter und Bremsger\u00e4te direkt vom Hersteller\",\"description\":\"\",\"alternateName\":\"Frequenzumrichter, Softstarter und Bremsger\u00e4te direkt vom Hersteller\",\"potentialAction\":[{\"@type\":\"SearchAction\",\"target\":{\"@type\":\"EntryPoint\",\"urlTemplate\":\"https:\/\/www.peter-electronic.com\/?s={search_term_string}\"},\"query-input\":{\"@type\":\"PropertyValueSpecification\",\"valueRequired\":true,\"valueName\":\"search_term_string\"}}],\"inLanguage\":\"de\"}]}<\/script>\n<!-- \/ Yoast SEO plugin. -->","yoast_head_json":{"title":"Verf\u00fcgt mein Frequenzumrichter VersiDrive\u00a0i\u00a0E2 \u00fcber ein internes Filter? - Frequenzumrichter, Softstarter und Bremsger\u00e4te direkt vom Hersteller","robots":{"index":"index","follow":"follow","max-snippet":"max-snippet:-1","max-image-preview":"max-image-preview:large","max-video-preview":"max-video-preview:-1"},"canonical":"https:\/\/www.peter-electronic.com\/service\/faq\/frequenzumrichter\/verfuegt-mein-frequenzumrichter-versidrive-i-e2-ueber-ein-internes-filter\/","schema":{"@context":"https:\/\/schema.org","@graph":[{"@type":"WebPage","@id":"https:\/\/www.peter-electronic.com\/service\/faq\/frequenzumrichter\/verfuegt-mein-frequenzumrichter-versidrive-i-e2-ueber-ein-internes-filter\/","url":"https:\/\/www.peter-electronic.com\/service\/faq\/frequenzumrichter\/verfuegt-mein-frequenzumrichter-versidrive-i-e2-ueber-ein-internes-filter\/","name":"Verf\u00fcgt mein Frequenzumrichter VersiDrive\u00a0i\u00a0E2 \u00fcber ein internes Filter? - Frequenzumrichter, Softstarter und Bremsger\u00e4te direkt vom Hersteller","isPartOf":{"@id":"https:\/\/www.peter-electronic.com\/#website"},"datePublished":"2017-01-25T21:33:23+00:00","dateModified":"2017-01-25T21:33:23+00:00","breadcrumb":{"@id":"https:\/\/www.peter-electronic.com\/service\/faq\/frequenzumrichter\/verfuegt-mein-frequenzumrichter-versidrive-i-e2-ueber-ein-internes-filter\/#breadcrumb"},"inLanguage":"de","potentialAction":[{"@type":"ReadAction","target":["https:\/\/www.peter-electronic.com\/service\/faq\/frequenzumrichter\/verfuegt-mein-frequenzumrichter-versidrive-i-e2-ueber-ein-internes-filter\/"]}]},{"@type":"BreadcrumbList","@id":"https:\/\/www.peter-electronic.com\/service\/faq\/frequenzumrichter\/verfuegt-mein-frequenzumrichter-versidrive-i-e2-ueber-ein-internes-filter\/#breadcrumb","itemListElement":[{"@type":"ListItem","position":1,"name":"Startseite","item":"https:\/\/www.peter-electronic.com\/"},{"@type":"ListItem","position":2,"name":"Service","item":"https:\/\/www.peter-electronic.com\/service\/"},{"@type":"ListItem","position":3,"name":"FAQ-Center","item":"https:\/\/www.peter-electronic.com\/service\/faq\/"},{"@type":"ListItem","position":4,"name":"Frequenzumrichter","item":"https:\/\/www.peter-electronic.com\/service\/faq\/frequenzumrichter\/"},{"@type":"ListItem","position":5,"name":"Verf\u00fcgt mein Frequenzumrichter VersiDrive\u00a0i\u00a0E2 \u00fcber ein internes Filter?"}]},{"@type":"WebSite","@id":"https:\/\/www.peter-electronic.com\/#website","url":"https:\/\/www.peter-electronic.com\/","name":"Frequenzumrichter, Softstarter und Bremsger\u00e4te direkt vom Hersteller","description":"","alternateName":"Frequenzumrichter, Softstarter und Bremsger\u00e4te direkt vom Hersteller","potentialAction":[{"@type":"SearchAction","target":{"@type":"EntryPoint","urlTemplate":"https:\/\/www.peter-electronic.com\/?s={search_term_string}"},"query-input":{"@type":"PropertyValueSpecification","valueRequired":true,"valueName":"search_term_string"}}],"inLanguage":"de"}]}},"_links":{"self":[{"href":"https:\/\/www.peter-electronic.com\/index.php?rest_route=\/wp\/v2\/pages\/93","targetHints":{"allow":["GET"]}}],"collection":[{"href":"https:\/\/www.peter-electronic.com\/index.php?rest_route=\/wp\/v2\/pages"}],"about":[{"href":"https:\/\/www.peter-electronic.com\/index.php?rest_route=\/wp\/v2\/types\/page"}],"author":[{"embeddable":true,"href":"https:\/\/www.peter-electronic.com\/index.php?rest_route=\/wp\/v2\/users\/1"}],"replies":[{"embeddable":true,"href":"https:\/\/www.peter-electronic.com\/index.php?rest_route=%2Fwp%2Fv2%2Fcomments&post=93"}],"version-history":[{"count":0,"href":"https:\/\/www.peter-electronic.com\/index.php?rest_route=\/wp\/v2\/pages\/93\/revisions"}],"up":[{"embeddable":true,"href":"https:\/\/www.peter-electronic.com\/index.php?rest_route=\/wp\/v2\/pages\/79"}],"wp:attachment":[{"href":"https:\/\/www.peter-electronic.com\/index.php?rest_route=%2Fwp%2Fv2%2Fmedia&parent=93"}],"curies":[{"name":"wp","href":"https:\/\/api.w.org\/{rel}","templated":true}]}}