{"id":624,"date":"2017-02-16T14:08:59","date_gmt":"2017-02-16T13:08:59","guid":{"rendered":"https:\/\/www.peter-electronic.com\/de\/?page_id=624"},"modified":"2017-02-16T14:08:59","modified_gmt":"2017-02-16T13:08:59","slug":"sind-alle-dreiphasen-softstarter-gleich","status":"publish","type":"page","link":"https:\/\/www.peter-electronic.com\/service\/faq\/softstarter\/sind-alle-dreiphasen-softstarter-gleich\/","title":{"rendered":"Sind alle Dreiphasen-Softstarter gleich?"},"content":{"rendered":"<p><em>Softstarter \u2013 Allgemeines<\/em><\/p>\n<hr \/>\n<h1>Sind alle Dreiphasen-Softstarter gleich?<\/h1>\n<p>Nein. Es gibt verschiedene Typen von Softstartern, die den Motor auf unterschiedliche Art und Weise steuern und unterschiedliche Leistungsmerkmale aufweisen.<\/p>\n<p>Einphasen-Steuerung<\/p>\n<p>Ger\u00e4te dieses Typs reduzieren zwar den Drehmomentsto\u00df w\u00e4hrend des Starts, sie reduzieren jedoch nicht den Anlaufstrom. Auch als Drehmomentregler bekannt, m\u00fcssen diese Ger\u00e4te in Verbindung mit einem Direktstarter (direct-on-line starter) verwendet werden.<\/p>\n<p>Zweiphasen-Steuerung<\/p>\n<p>Diese Ger\u00e4te eliminieren Drehmoment-Transienten und reduzieren den Motoranlaufstrom. Beim Motorstart weist die ungesteuerte Phase einen leicht h\u00f6heren Strom auf, als die beiden gesteuerten Phasen. Sie sind f\u00fcr alle Lasten au\u00dfer f\u00fcr schwere geeignet.<\/p>\n<p>Dreiphasen-Steuerung<\/p>\n<p>Dieser Ger\u00e4tetyp steuert alle drei Phasen und bietet das Optimum in Sachen Sanftanlaufsteuerung. Die Dreiphasensteuerung sollte f\u00fcr schwierige Startsituationen verwendet werden.<\/p>\n<hr \/>\n","protected":false},"excerpt":{"rendered":"<p>Softstarter \u2013 Allgemeines Sind alle Dreiphasen-Softstarter gleich? Nein. Es gibt verschiedene Typen von Softstartern, die den Motor auf unterschiedliche Art und Weise steuern und unterschiedliche Leistungsmerkmale aufweisen. Einphasen-Steuerung Ger\u00e4te dieses Typs reduzieren zwar den Drehmomentsto\u00df w\u00e4hrend des Starts, sie reduzieren jedoch nicht den Anlaufstrom. Auch als Drehmomentregler bekannt, m\u00fcssen diese Ger\u00e4te in Verbindung mit einem [&hellip;]<\/p>\n","protected":false},"author":1,"featured_media":0,"parent":80,"menu_order":0,"comment_status":"closed","ping_status":"closed","template":"","meta":{"_acf_changed":false,"footnotes":""},"class_list":["post-624","page","type-page","status-publish","hentry"],"acf":[],"yoast_head":"<!-- This site is optimized with the Yoast SEO plugin v23.9 - https:\/\/yoast.com\/wordpress\/plugins\/seo\/ -->\n<title>Sind alle Dreiphasen-Softstarter gleich? - Frequenzumrichter, Softstarter und Bremsger\u00e4te direkt vom Hersteller<\/title>\n<meta name=\"robots\" content=\"index, follow, max-snippet:-1, max-image-preview:large, max-video-preview:-1\" \/>\n<link rel=\"canonical\" href=\"https:\/\/www.peter-electronic.com\/service\/faq\/softstarter\/sind-alle-dreiphasen-softstarter-gleich\/\" \/>\n<script type=\"application\/ld+json\" class=\"yoast-schema-graph\">{\"@context\":\"https:\/\/schema.org\",\"@graph\":[{\"@type\":\"WebPage\",\"@id\":\"https:\/\/www.peter-electronic.com\/service\/faq\/softstarter\/sind-alle-dreiphasen-softstarter-gleich\/\",\"url\":\"https:\/\/www.peter-electronic.com\/service\/faq\/softstarter\/sind-alle-dreiphasen-softstarter-gleich\/\",\"name\":\"Sind alle Dreiphasen-Softstarter gleich? - Frequenzumrichter, Softstarter und Bremsger\u00e4te direkt vom Hersteller\",\"isPartOf\":{\"@id\":\"https:\/\/www.peter-electronic.com\/#website\"},\"datePublished\":\"2017-02-16T13:08:59+00:00\",\"dateModified\":\"2017-02-16T13:08:59+00:00\",\"breadcrumb\":{\"@id\":\"https:\/\/www.peter-electronic.com\/service\/faq\/softstarter\/sind-alle-dreiphasen-softstarter-gleich\/#breadcrumb\"},\"inLanguage\":\"de\",\"potentialAction\":[{\"@type\":\"ReadAction\",\"target\":[\"https:\/\/www.peter-electronic.com\/service\/faq\/softstarter\/sind-alle-dreiphasen-softstarter-gleich\/\"]}]},{\"@type\":\"BreadcrumbList\",\"@id\":\"https:\/\/www.peter-electronic.com\/service\/faq\/softstarter\/sind-alle-dreiphasen-softstarter-gleich\/#breadcrumb\",\"itemListElement\":[{\"@type\":\"ListItem\",\"position\":1,\"name\":\"Startseite\",\"item\":\"https:\/\/www.peter-electronic.com\/\"},{\"@type\":\"ListItem\",\"position\":2,\"name\":\"Service\",\"item\":\"https:\/\/www.peter-electronic.com\/service\/\"},{\"@type\":\"ListItem\",\"position\":3,\"name\":\"FAQ-Center\",\"item\":\"https:\/\/www.peter-electronic.com\/service\/faq\/\"},{\"@type\":\"ListItem\",\"position\":4,\"name\":\"Softstarter\",\"item\":\"https:\/\/www.peter-electronic.com\/service\/faq\/softstarter\/\"},{\"@type\":\"ListItem\",\"position\":5,\"name\":\"Sind alle Dreiphasen-Softstarter gleich?\"}]},{\"@type\":\"WebSite\",\"@id\":\"https:\/\/www.peter-electronic.com\/#website\",\"url\":\"https:\/\/www.peter-electronic.com\/\",\"name\":\"Frequenzumrichter, Softstarter und Bremsger\u00e4te direkt vom Hersteller\",\"description\":\"\",\"alternateName\":\"Frequenzumrichter, Softstarter und Bremsger\u00e4te direkt vom Hersteller\",\"potentialAction\":[{\"@type\":\"SearchAction\",\"target\":{\"@type\":\"EntryPoint\",\"urlTemplate\":\"https:\/\/www.peter-electronic.com\/?s={search_term_string}\"},\"query-input\":{\"@type\":\"PropertyValueSpecification\",\"valueRequired\":true,\"valueName\":\"search_term_string\"}}],\"inLanguage\":\"de\"}]}<\/script>\n<!-- \/ Yoast SEO plugin. -->","yoast_head_json":{"title":"Sind alle Dreiphasen-Softstarter gleich? - Frequenzumrichter, Softstarter und Bremsger\u00e4te direkt vom Hersteller","robots":{"index":"index","follow":"follow","max-snippet":"max-snippet:-1","max-image-preview":"max-image-preview:large","max-video-preview":"max-video-preview:-1"},"canonical":"https:\/\/www.peter-electronic.com\/service\/faq\/softstarter\/sind-alle-dreiphasen-softstarter-gleich\/","schema":{"@context":"https:\/\/schema.org","@graph":[{"@type":"WebPage","@id":"https:\/\/www.peter-electronic.com\/service\/faq\/softstarter\/sind-alle-dreiphasen-softstarter-gleich\/","url":"https:\/\/www.peter-electronic.com\/service\/faq\/softstarter\/sind-alle-dreiphasen-softstarter-gleich\/","name":"Sind alle Dreiphasen-Softstarter gleich? - Frequenzumrichter, Softstarter und Bremsger\u00e4te direkt vom Hersteller","isPartOf":{"@id":"https:\/\/www.peter-electronic.com\/#website"},"datePublished":"2017-02-16T13:08:59+00:00","dateModified":"2017-02-16T13:08:59+00:00","breadcrumb":{"@id":"https:\/\/www.peter-electronic.com\/service\/faq\/softstarter\/sind-alle-dreiphasen-softstarter-gleich\/#breadcrumb"},"inLanguage":"de","potentialAction":[{"@type":"ReadAction","target":["https:\/\/www.peter-electronic.com\/service\/faq\/softstarter\/sind-alle-dreiphasen-softstarter-gleich\/"]}]},{"@type":"BreadcrumbList","@id":"https:\/\/www.peter-electronic.com\/service\/faq\/softstarter\/sind-alle-dreiphasen-softstarter-gleich\/#breadcrumb","itemListElement":[{"@type":"ListItem","position":1,"name":"Startseite","item":"https:\/\/www.peter-electronic.com\/"},{"@type":"ListItem","position":2,"name":"Service","item":"https:\/\/www.peter-electronic.com\/service\/"},{"@type":"ListItem","position":3,"name":"FAQ-Center","item":"https:\/\/www.peter-electronic.com\/service\/faq\/"},{"@type":"ListItem","position":4,"name":"Softstarter","item":"https:\/\/www.peter-electronic.com\/service\/faq\/softstarter\/"},{"@type":"ListItem","position":5,"name":"Sind alle Dreiphasen-Softstarter gleich?"}]},{"@type":"WebSite","@id":"https:\/\/www.peter-electronic.com\/#website","url":"https:\/\/www.peter-electronic.com\/","name":"Frequenzumrichter, Softstarter und Bremsger\u00e4te direkt vom Hersteller","description":"","alternateName":"Frequenzumrichter, Softstarter und Bremsger\u00e4te direkt vom Hersteller","potentialAction":[{"@type":"SearchAction","target":{"@type":"EntryPoint","urlTemplate":"https:\/\/www.peter-electronic.com\/?s={search_term_string}"},"query-input":{"@type":"PropertyValueSpecification","valueRequired":true,"valueName":"search_term_string"}}],"inLanguage":"de"}]}},"_links":{"self":[{"href":"https:\/\/www.peter-electronic.com\/index.php?rest_route=\/wp\/v2\/pages\/624","targetHints":{"allow":["GET"]}}],"collection":[{"href":"https:\/\/www.peter-electronic.com\/index.php?rest_route=\/wp\/v2\/pages"}],"about":[{"href":"https:\/\/www.peter-electronic.com\/index.php?rest_route=\/wp\/v2\/types\/page"}],"author":[{"embeddable":true,"href":"https:\/\/www.peter-electronic.com\/index.php?rest_route=\/wp\/v2\/users\/1"}],"replies":[{"embeddable":true,"href":"https:\/\/www.peter-electronic.com\/index.php?rest_route=%2Fwp%2Fv2%2Fcomments&post=624"}],"version-history":[{"count":0,"href":"https:\/\/www.peter-electronic.com\/index.php?rest_route=\/wp\/v2\/pages\/624\/revisions"}],"up":[{"embeddable":true,"href":"https:\/\/www.peter-electronic.com\/index.php?rest_route=\/wp\/v2\/pages\/80"}],"wp:attachment":[{"href":"https:\/\/www.peter-electronic.com\/index.php?rest_route=%2Fwp%2Fv2%2Fmedia&parent=624"}],"curies":[{"name":"wp","href":"https:\/\/api.w.org\/{rel}","templated":true}]}}