{"id":588,"date":"2017-02-16T13:29:18","date_gmt":"2017-02-16T12:29:18","guid":{"rendered":"https:\/\/www.peter-electronic.com\/de\/?page_id=588"},"modified":"2023-02-08T13:50:42","modified_gmt":"2023-02-08T12:50:42","slug":"wie-projektiere-ich-ein-bremsgeraet","status":"publish","type":"page","link":"https:\/\/www.peter-electronic.com\/service\/faq\/bremsgeraete\/wie-projektiere-ich-ein-bremsgeraet\/","title":{"rendered":"Wie projektiere ich ein Bremsger\u00e4t?"},"content":{"rendered":"<p><em>Bremsger\u00e4te - Dimensionierung<\/em><\/p>\n<hr \/>\n<h1>Wie projektiere ich ein Bremsger\u00e4t?<\/h1>\n<p>Die in den Datenbl\u00e4ttern angegebenen Motorleistungen bzw. empfohlenen Motornennstr\u00f6me f\u00fcr den Einsatz eines Bremsger\u00e4tes beziehen sich auf normale Anwendungen mit Antrieben, die ein Tr\u00e4gheitsmoment etwa gleich dem Tr\u00e4gheitsmoment des Motors haben.<br \/>\nIn allen anderen F\u00e4llen ist eine genauere Bestimmung  des erforderlichen Bremsmomentes bzw. Bremsstromes notwendig.<\/p>\n<hr \/>\n","protected":false},"excerpt":{"rendered":"<p>Bremsger\u00e4te &#8211; Dimensionierung Wie projektiere ich ein Bremsger\u00e4t? Die in den Datenbl\u00e4ttern angegebenen Motorleistungen bzw. empfohlenen Motornennstr\u00f6me f\u00fcr den Einsatz eines Bremsger\u00e4tes beziehen sich auf normale Anwendungen mit Antrieben, die ein Tr\u00e4gheitsmoment etwa gleich dem Tr\u00e4gheitsmoment des Motors haben. In allen anderen F\u00e4llen ist eine genauere Bestimmung des erforderlichen Bremsmomentes bzw. Bremsstromes notwendig.<\/p>\n","protected":false},"author":1,"featured_media":0,"parent":549,"menu_order":0,"comment_status":"closed","ping_status":"closed","template":"","meta":{"_acf_changed":false,"footnotes":""},"class_list":["post-588","page","type-page","status-publish","hentry"],"acf":[],"yoast_head":"<!-- This site is optimized with the Yoast SEO plugin v23.9 - https:\/\/yoast.com\/wordpress\/plugins\/seo\/ -->\n<title>Wie projektiere ich ein Bremsger\u00e4t? - Frequenzumrichter, Softstarter und Bremsger\u00e4te direkt vom Hersteller<\/title>\n<meta name=\"robots\" content=\"index, follow, max-snippet:-1, max-image-preview:large, max-video-preview:-1\" \/>\n<link rel=\"canonical\" href=\"https:\/\/www.peter-electronic.com\/service\/faq\/bremsgeraete\/wie-projektiere-ich-ein-bremsgeraet\/\" \/>\n<script type=\"application\/ld+json\" class=\"yoast-schema-graph\">{\"@context\":\"https:\/\/schema.org\",\"@graph\":[{\"@type\":\"WebPage\",\"@id\":\"https:\/\/www.peter-electronic.com\/service\/faq\/bremsgeraete\/wie-projektiere-ich-ein-bremsgeraet\/\",\"url\":\"https:\/\/www.peter-electronic.com\/service\/faq\/bremsgeraete\/wie-projektiere-ich-ein-bremsgeraet\/\",\"name\":\"Wie projektiere ich ein Bremsger\u00e4t? - Frequenzumrichter, Softstarter und Bremsger\u00e4te direkt vom Hersteller\",\"isPartOf\":{\"@id\":\"https:\/\/www.peter-electronic.com\/#website\"},\"datePublished\":\"2017-02-16T12:29:18+00:00\",\"dateModified\":\"2023-02-08T12:50:42+00:00\",\"breadcrumb\":{\"@id\":\"https:\/\/www.peter-electronic.com\/service\/faq\/bremsgeraete\/wie-projektiere-ich-ein-bremsgeraet\/#breadcrumb\"},\"inLanguage\":\"de\",\"potentialAction\":[{\"@type\":\"ReadAction\",\"target\":[\"https:\/\/www.peter-electronic.com\/service\/faq\/bremsgeraete\/wie-projektiere-ich-ein-bremsgeraet\/\"]}]},{\"@type\":\"BreadcrumbList\",\"@id\":\"https:\/\/www.peter-electronic.com\/service\/faq\/bremsgeraete\/wie-projektiere-ich-ein-bremsgeraet\/#breadcrumb\",\"itemListElement\":[{\"@type\":\"ListItem\",\"position\":1,\"name\":\"Startseite\",\"item\":\"https:\/\/www.peter-electronic.com\/\"},{\"@type\":\"ListItem\",\"position\":2,\"name\":\"Service\",\"item\":\"https:\/\/www.peter-electronic.com\/service\/\"},{\"@type\":\"ListItem\",\"position\":3,\"name\":\"FAQ-Center\",\"item\":\"https:\/\/www.peter-electronic.com\/service\/faq\/\"},{\"@type\":\"ListItem\",\"position\":4,\"name\":\"Bremsger\u00e4te\",\"item\":\"https:\/\/www.peter-electronic.com\/service\/faq\/bremsgeraete\/\"},{\"@type\":\"ListItem\",\"position\":5,\"name\":\"Wie projektiere ich ein Bremsger\u00e4t?\"}]},{\"@type\":\"WebSite\",\"@id\":\"https:\/\/www.peter-electronic.com\/#website\",\"url\":\"https:\/\/www.peter-electronic.com\/\",\"name\":\"Frequenzumrichter, Softstarter und Bremsger\u00e4te direkt vom Hersteller\",\"description\":\"\",\"alternateName\":\"Frequenzumrichter, Softstarter und Bremsger\u00e4te direkt vom Hersteller\",\"potentialAction\":[{\"@type\":\"SearchAction\",\"target\":{\"@type\":\"EntryPoint\",\"urlTemplate\":\"https:\/\/www.peter-electronic.com\/?s={search_term_string}\"},\"query-input\":{\"@type\":\"PropertyValueSpecification\",\"valueRequired\":true,\"valueName\":\"search_term_string\"}}],\"inLanguage\":\"de\"}]}<\/script>\n<!-- \/ Yoast SEO plugin. -->","yoast_head_json":{"title":"Wie projektiere ich ein Bremsger\u00e4t? - Frequenzumrichter, Softstarter und Bremsger\u00e4te direkt vom Hersteller","robots":{"index":"index","follow":"follow","max-snippet":"max-snippet:-1","max-image-preview":"max-image-preview:large","max-video-preview":"max-video-preview:-1"},"canonical":"https:\/\/www.peter-electronic.com\/service\/faq\/bremsgeraete\/wie-projektiere-ich-ein-bremsgeraet\/","schema":{"@context":"https:\/\/schema.org","@graph":[{"@type":"WebPage","@id":"https:\/\/www.peter-electronic.com\/service\/faq\/bremsgeraete\/wie-projektiere-ich-ein-bremsgeraet\/","url":"https:\/\/www.peter-electronic.com\/service\/faq\/bremsgeraete\/wie-projektiere-ich-ein-bremsgeraet\/","name":"Wie projektiere ich ein Bremsger\u00e4t? - Frequenzumrichter, Softstarter und Bremsger\u00e4te direkt vom Hersteller","isPartOf":{"@id":"https:\/\/www.peter-electronic.com\/#website"},"datePublished":"2017-02-16T12:29:18+00:00","dateModified":"2023-02-08T12:50:42+00:00","breadcrumb":{"@id":"https:\/\/www.peter-electronic.com\/service\/faq\/bremsgeraete\/wie-projektiere-ich-ein-bremsgeraet\/#breadcrumb"},"inLanguage":"de","potentialAction":[{"@type":"ReadAction","target":["https:\/\/www.peter-electronic.com\/service\/faq\/bremsgeraete\/wie-projektiere-ich-ein-bremsgeraet\/"]}]},{"@type":"BreadcrumbList","@id":"https:\/\/www.peter-electronic.com\/service\/faq\/bremsgeraete\/wie-projektiere-ich-ein-bremsgeraet\/#breadcrumb","itemListElement":[{"@type":"ListItem","position":1,"name":"Startseite","item":"https:\/\/www.peter-electronic.com\/"},{"@type":"ListItem","position":2,"name":"Service","item":"https:\/\/www.peter-electronic.com\/service\/"},{"@type":"ListItem","position":3,"name":"FAQ-Center","item":"https:\/\/www.peter-electronic.com\/service\/faq\/"},{"@type":"ListItem","position":4,"name":"Bremsger\u00e4te","item":"https:\/\/www.peter-electronic.com\/service\/faq\/bremsgeraete\/"},{"@type":"ListItem","position":5,"name":"Wie projektiere ich ein Bremsger\u00e4t?"}]},{"@type":"WebSite","@id":"https:\/\/www.peter-electronic.com\/#website","url":"https:\/\/www.peter-electronic.com\/","name":"Frequenzumrichter, Softstarter und Bremsger\u00e4te direkt vom Hersteller","description":"","alternateName":"Frequenzumrichter, Softstarter und Bremsger\u00e4te direkt vom Hersteller","potentialAction":[{"@type":"SearchAction","target":{"@type":"EntryPoint","urlTemplate":"https:\/\/www.peter-electronic.com\/?s={search_term_string}"},"query-input":{"@type":"PropertyValueSpecification","valueRequired":true,"valueName":"search_term_string"}}],"inLanguage":"de"}]}},"_links":{"self":[{"href":"https:\/\/www.peter-electronic.com\/index.php?rest_route=\/wp\/v2\/pages\/588","targetHints":{"allow":["GET"]}}],"collection":[{"href":"https:\/\/www.peter-electronic.com\/index.php?rest_route=\/wp\/v2\/pages"}],"about":[{"href":"https:\/\/www.peter-electronic.com\/index.php?rest_route=\/wp\/v2\/types\/page"}],"author":[{"embeddable":true,"href":"https:\/\/www.peter-electronic.com\/index.php?rest_route=\/wp\/v2\/users\/1"}],"replies":[{"embeddable":true,"href":"https:\/\/www.peter-electronic.com\/index.php?rest_route=%2Fwp%2Fv2%2Fcomments&post=588"}],"version-history":[{"count":1,"href":"https:\/\/www.peter-electronic.com\/index.php?rest_route=\/wp\/v2\/pages\/588\/revisions"}],"predecessor-version":[{"id":9455,"href":"https:\/\/www.peter-electronic.com\/index.php?rest_route=\/wp\/v2\/pages\/588\/revisions\/9455"}],"up":[{"embeddable":true,"href":"https:\/\/www.peter-electronic.com\/index.php?rest_route=\/wp\/v2\/pages\/549"}],"wp:attachment":[{"href":"https:\/\/www.peter-electronic.com\/index.php?rest_route=%2Fwp%2Fv2%2Fmedia&parent=588"}],"curies":[{"name":"wp","href":"https:\/\/api.w.org\/{rel}","templated":true}]}}