{"id":4084,"date":"2019-01-15T12:09:11","date_gmt":"2019-01-15T11:09:11","guid":{"rendered":"https:\/\/www.peter-electronic.com\/de\/?page_id=4084"},"modified":"2019-01-15T12:09:11","modified_gmt":"2019-01-15T11:09:11","slug":"gleichstrombremse-mit-geraeteschutz","status":"publish","type":"page","link":"https:\/\/www.peter-electronic.com\/gleichstrombremse-mit-geraeteschutz\/","title":{"rendered":"NL_VersiBrake_Safe_72_360A_Landingpage_2019_01"},"content":{"rendered":"<div class=\"featured-image\"><img loading=\"lazy\" decoding=\"async\" class=\"alignnone wp-image-4097 size-full\" src=\"https:\/\/www.peter-electronic.com\/wp-content\/uploads\/gleichstrombremse_mit_geraeteschutz_versibrake_safe_72_360a.png\" width=\"1280\" height=\"666\" \/ alt=\"NL_VersiBrake_Safe_72_360A_Landingpage_2019_01\"><\/div>\n<h1>Sicher ausgebremst \u2013 VersiBrake Safe bietet maximale Kontrolle und Sicherheit f\u00fcr verschleissarmes Bremsen<\/h1>\n<p>Nach Aufr\u00fcstung unserer Sanftanlauf-Bremskombination VersiComb II Safe wird nun auch unsere vielfach bew\u00e4hrte Gleichstrombremse f\u00fcr Drehstromasynchronmotoren noch smarter und sicherer. Mit der neuesten Generation \u2013 der VersiBrake Safe \u2013 bremsen Sie Motoren der Wirkungsklassen IE1 bis IE3 (IE4 in Vorbereitung) nicht nur schonend, verschlei\u00dfarm und sicher ab. Zudem hat sich unsere neueste Bremsger\u00e4teentwicklung zurecht den Namenszusatz \u201eSafe\u201c verdient, denn sie bietet Ihnen umfassende zus\u00e4tzliche Sicherheitsfunktionen. Wichtigste Neuerung ist eine Motortemperatur\u00fcberwachung und ein thermischer Ger\u00e4teschutz, der mit Hilfe der \u00dcbertemperaturerkennung bei \u00dcberhitzung rechtzeitig den Motor abschaltet\u00a0 und damit Sch\u00e4den an Motor bzw. Maschinen verhindert. VersiBrake Safe spielt insbesondere dort ihre St\u00e4rken aus, wo Motoren aus Sicherheitsgr\u00fcnden oder Wirtschaftlichkeit schonend und zuverl\u00e4ssig stillgesetzt werden m\u00fcssen. Wir bieten Ihnen damit erh\u00f6hte Sicherheit f\u00fcr eine Vielzahl von Anwendungen rund um Holzbearbeitungsmaschinen wie S\u00e4gen, Fr\u00e4sen, Hobel, B\u00fcrsten und Schleifmaschinen. Aber auch weitere Maschinen in Industrie und Haustechnik, zum Beispiel Siebmaschinen, Zentrifugen, R\u00fcttler oder L\u00fcfter \u00fcberwacht und bremst VersiBrake Safe zuverl\u00e4ssig.<\/p>\n<h2>Erh\u00f6hte Sicherheit f\u00fcr Ihren Betrieb<\/h2>\n<p>VersiBrake Safe wurde von unserer Entwicklung so konzipiert, dass der Bremsvorgang von Drehstrommotoren \u2013 selbstlernend \u2013 exakt gesteuert und optimiert wird. Das smarte Bremsger\u00e4t beh\u00e4lt zuverl\u00e4ssig s\u00e4mtliche leistungs- und auch sicherheitsrelevanten Ger\u00e4tewerte der Motoren im Blick. So werden die Komponenten beim Stillsetzen maximal geschont, Verschlei\u00df vermieden und h\u00f6chste Betriebssicherheit erreicht. Unsere Gleichstrombremse erf\u00fcllt die einschl\u00e4gigen Vorgaben bzw. europ\u00e4ischen DIN-Normen (wie DIN EN 12750:2013) f\u00fcr die Sicherheit von Holzbearbeitungsmaschinen. Zu den Sicherheitsfunktionen z\u00e4hlen beispielsweise, dass ein unbeabsichtigtes, st\u00f6rungsbedingtes Anlaufen verhindert wird, das \u00fcberwachte gesteuerte Stillsetzen, die Ansteuerung der (Schutz-) T\u00fcrverriegelung oder auch die externe Stillstands\u00fcberwachung mit intelligenter Stillstandserkennung. Einer der Einsatzvorteile von VersiBrake Safe ist nicht zuletzt, dass ein zus\u00e4tzliches Bremssch\u00fctz \u00fcberfl\u00fcssig ist.<\/p>\n<h2>Ideale Betriebstemperatur: thermischer Ger\u00e4teschutz integriert<\/h2>\n<p>Neu an Board integriert VersiBrake Safe eine Motortemperatur\u00fcberwachung: Sensoren \u00fcberwachen die Motortemperatur und erstellen ein thermisches Ger\u00e4tebild. \u00dcberwacht werden dabei auch K\u00fchlk\u00f6rper und Ger\u00e4teinnentemperatur. Diese Sicherheitsfunktionen garantieren zusammen mit dem\u00a0 thermischen Ger\u00e4te\u00fcberlastschutz die erh\u00f6hte Sicherheit f\u00fcr Ger\u00e4te und Betriebsumgebung.<br \/>\nUnsere Gleichstrombremse VersiBrake Safe erkennt zuverl\u00e4ssig die unterschiedlichsten St\u00f6rungen. W\u00fcrden diese einen sicheren Motorbetrieb nicht mehr erm\u00f6glichen, werden die Motoren heruntergefahren, um Motorsch\u00e4den zu vermeiden. \u00dcber eine CAN-Schnittstelle mit CAN-Open Protokoll k\u00f6nnen Ger\u00e4teparameter und Meldungen mit einer \u00fcbergeordneten Steuerung ausgetauscht werden. Somit l\u00e4sst sich VersiBrake Safe perfekt in verschiedene Ger\u00e4teumgebungen integrieren \u2013 und alles bleibt unter Kontrolle.<\/p>\n<h3>Wichtige Merkmale im \u00dcberblick:<\/h3>\n<p>Die Ger\u00e4te der Reihe VersiBrake Safe sind elektrische Betriebsmittel zum Einsatz in industriellen Starkstromanlagen. Sie sind f\u00fcr den Einsatz in Maschinen zur Abbremsung von Schwungmassen an Antrieben mit Drehstrommotoren der Wirkungsgradklassen IE1, IE2 bis IE3 (IE4 in Vorbereitung) konzipiert. Ausgelegt ist VersiBrake Safe auf Asynchronmotoren mit Motornennleistungen von 7,5 bis 90KW bzw. 72 bis 360A Ger\u00e4tenennstrom. Erh\u00e4ltlich sind insgesamt zwei Geh\u00e4usegr\u00f6\u00dfen.<\/p>\n<h3>Weitere Eigenschaften:<\/h3>\n<ul>\n<li>Microcontroller gesteuert<\/li>\n<li>6-fach einstellbarer Motornennstrom<\/li>\n<li>4 verschiedene Bremsmodi einstellbar<\/li>\n<li>Intelligente \u00dcberwachungs- und Steuerungsfunktionen<\/li>\n<li>Bremsger\u00e4t optimiert automatisch den Bremsvorgang<\/li>\n<li>Maximale Schonung der Mechanik und Antriebskomponenten<\/li>\n<li>Integrierte \u00dcberbr\u00fcckungsrelais<\/li>\n<li>Gleichstrombremse mit gesteuerter Thyristorbr\u00fccke<\/li>\n<li>Sch\u00fctze: Integriertes Bremssch\u00fctz<\/li>\n<li>Schutzart IP 20<\/li>\n<li>CAN-Schnittstellen<\/li>\n<li>Anwenderfreundlichkeit dank \u00fcbersichtlicher und einfacher Men\u00fcstruktur<\/li>\n<li>Effiziente und schnelle Inbetriebnahme durch selbstoptimierenden Bremsvorgang<\/li>\n<li>Unterst\u00fctzung der Energieeffizienzklassen IE1, IE2 und IE3<\/li>\n<\/ul>\n<p>Eine Gesamt\u00fcbersicht der wichtigsten Produktmerkmale finden Sie auf unserem Datenblatt.<\/p>\n<h3>Downloads:<\/h3>\n","protected":false},"excerpt":{"rendered":"<p>Sicher ausgebremst \u2013 VersiBrake Safe bietet maximale Kontrolle und Sicherheit f\u00fcr verschleissarmes Bremsen Nach Aufr\u00fcstung unserer Sanftanlauf-Bremskombination VersiComb II Safe wird nun auch unsere vielfach bew\u00e4hrte Gleichstrombremse f\u00fcr Drehstromasynchronmotoren noch smarter und sicherer. Mit der neuesten Generation \u2013 der VersiBrake Safe \u2013 bremsen Sie Motoren der Wirkungsklassen IE1 bis IE3 (IE4 in Vorbereitung) nicht nur [&hellip;]<\/p>\n","protected":false},"author":1,"featured_media":0,"parent":0,"menu_order":0,"comment_status":"closed","ping_status":"closed","template":"","meta":{"_acf_changed":false,"footnotes":""},"class_list":["post-4084","page","type-page","status-publish","hentry"],"acf":[],"yoast_head":"<!-- This site is optimized with the Yoast SEO plugin v23.9 - https:\/\/yoast.com\/wordpress\/plugins\/seo\/ -->\n<title>Gleichstrombremse mit Ger\u00e4teschutz - VersiBrake Safe 72 - 360 A<\/title>\n<meta name=\"description\" content=\"Erh\u00f6hte Betriebssicherheit, maximale Kontrolle und weitere Sicherheitsfunktionen dank der neuen Gleichstrombremse mit thermischem Ger\u00e4teschutz.\" \/>\n<meta name=\"robots\" content=\"index, follow, max-snippet:-1, max-image-preview:large, max-video-preview:-1\" \/>\n<link rel=\"canonical\" href=\"https:\/\/www.peter-electronic.com\/gleichstrombremse-mit-geraeteschutz\/\" \/>\n<script type=\"application\/ld+json\" class=\"yoast-schema-graph\">{\"@context\":\"https:\/\/schema.org\",\"@graph\":[{\"@type\":\"WebPage\",\"@id\":\"https:\/\/www.peter-electronic.com\/gleichstrombremse-mit-geraeteschutz\/\",\"url\":\"https:\/\/www.peter-electronic.com\/gleichstrombremse-mit-geraeteschutz\/\",\"name\":\"Gleichstrombremse mit Ger\u00e4teschutz - VersiBrake Safe 72 - 360 A\",\"isPartOf\":{\"@id\":\"https:\/\/www.peter-electronic.com\/#website\"},\"primaryImageOfPage\":{\"@id\":\"https:\/\/www.peter-electronic.com\/gleichstrombremse-mit-geraeteschutz\/#primaryimage\"},\"image\":{\"@id\":\"https:\/\/www.peter-electronic.com\/gleichstrombremse-mit-geraeteschutz\/#primaryimage\"},\"thumbnailUrl\":\"https:\/\/www.peter-electronic.com\/wp-content\/uploads\/gleichstrombremse_mit_geraeteschutz_versibrake_safe_72_360a.png\",\"datePublished\":\"2019-01-15T11:09:11+00:00\",\"dateModified\":\"2019-01-15T11:09:11+00:00\",\"description\":\"Erh\u00f6hte Betriebssicherheit, maximale Kontrolle und weitere Sicherheitsfunktionen dank der neuen Gleichstrombremse mit thermischem Ger\u00e4teschutz.\",\"breadcrumb\":{\"@id\":\"https:\/\/www.peter-electronic.com\/gleichstrombremse-mit-geraeteschutz\/#breadcrumb\"},\"inLanguage\":\"de\",\"potentialAction\":[{\"@type\":\"ReadAction\",\"target\":[\"https:\/\/www.peter-electronic.com\/gleichstrombremse-mit-geraeteschutz\/\"]}]},{\"@type\":\"ImageObject\",\"inLanguage\":\"de\",\"@id\":\"https:\/\/www.peter-electronic.com\/gleichstrombremse-mit-geraeteschutz\/#primaryimage\",\"url\":\"https:\/\/www.peter-electronic.com\/wp-content\/uploads\/2019\/01\/gleichstrombremse_mit_geraeteschutz_versibrake_safe_72_360a-1.png\",\"contentUrl\":\"https:\/\/www.peter-electronic.com\/wp-content\/uploads\/2019\/01\/gleichstrombremse_mit_geraeteschutz_versibrake_safe_72_360a-1.png\",\"width\":1280,\"height\":666},{\"@type\":\"BreadcrumbList\",\"@id\":\"https:\/\/www.peter-electronic.com\/gleichstrombremse-mit-geraeteschutz\/#breadcrumb\",\"itemListElement\":[{\"@type\":\"ListItem\",\"position\":1,\"name\":\"Startseite\",\"item\":\"https:\/\/www.peter-electronic.com\/\"},{\"@type\":\"ListItem\",\"position\":2,\"name\":\"NL_VersiBrake_Safe_72_360A_Landingpage_2019_01\"}]},{\"@type\":\"WebSite\",\"@id\":\"https:\/\/www.peter-electronic.com\/#website\",\"url\":\"https:\/\/www.peter-electronic.com\/\",\"name\":\"Frequenzumrichter, Softstarter und Bremsger\u00e4te direkt vom Hersteller\",\"description\":\"\",\"alternateName\":\"Frequenzumrichter, Softstarter und Bremsger\u00e4te direkt vom Hersteller\",\"potentialAction\":[{\"@type\":\"SearchAction\",\"target\":{\"@type\":\"EntryPoint\",\"urlTemplate\":\"https:\/\/www.peter-electronic.com\/?s={search_term_string}\"},\"query-input\":{\"@type\":\"PropertyValueSpecification\",\"valueRequired\":true,\"valueName\":\"search_term_string\"}}],\"inLanguage\":\"de\"}]}<\/script>\n<!-- \/ Yoast SEO plugin. -->","yoast_head_json":{"title":"Gleichstrombremse mit Ger\u00e4teschutz - VersiBrake Safe 72 - 360 A","description":"Erh\u00f6hte Betriebssicherheit, maximale Kontrolle und weitere Sicherheitsfunktionen dank der neuen Gleichstrombremse mit thermischem Ger\u00e4teschutz.","robots":{"index":"index","follow":"follow","max-snippet":"max-snippet:-1","max-image-preview":"max-image-preview:large","max-video-preview":"max-video-preview:-1"},"canonical":"https:\/\/www.peter-electronic.com\/gleichstrombremse-mit-geraeteschutz\/","schema":{"@context":"https:\/\/schema.org","@graph":[{"@type":"WebPage","@id":"https:\/\/www.peter-electronic.com\/gleichstrombremse-mit-geraeteschutz\/","url":"https:\/\/www.peter-electronic.com\/gleichstrombremse-mit-geraeteschutz\/","name":"Gleichstrombremse mit Ger\u00e4teschutz - VersiBrake Safe 72 - 360 A","isPartOf":{"@id":"https:\/\/www.peter-electronic.com\/#website"},"primaryImageOfPage":{"@id":"https:\/\/www.peter-electronic.com\/gleichstrombremse-mit-geraeteschutz\/#primaryimage"},"image":{"@id":"https:\/\/www.peter-electronic.com\/gleichstrombremse-mit-geraeteschutz\/#primaryimage"},"thumbnailUrl":"https:\/\/www.peter-electronic.com\/wp-content\/uploads\/gleichstrombremse_mit_geraeteschutz_versibrake_safe_72_360a.png","datePublished":"2019-01-15T11:09:11+00:00","dateModified":"2019-01-15T11:09:11+00:00","description":"Erh\u00f6hte Betriebssicherheit, maximale Kontrolle und weitere Sicherheitsfunktionen dank der neuen Gleichstrombremse mit thermischem Ger\u00e4teschutz.","breadcrumb":{"@id":"https:\/\/www.peter-electronic.com\/gleichstrombremse-mit-geraeteschutz\/#breadcrumb"},"inLanguage":"de","potentialAction":[{"@type":"ReadAction","target":["https:\/\/www.peter-electronic.com\/gleichstrombremse-mit-geraeteschutz\/"]}]},{"@type":"ImageObject","inLanguage":"de","@id":"https:\/\/www.peter-electronic.com\/gleichstrombremse-mit-geraeteschutz\/#primaryimage","url":"https:\/\/www.peter-electronic.com\/wp-content\/uploads\/2019\/01\/gleichstrombremse_mit_geraeteschutz_versibrake_safe_72_360a-1.png","contentUrl":"https:\/\/www.peter-electronic.com\/wp-content\/uploads\/2019\/01\/gleichstrombremse_mit_geraeteschutz_versibrake_safe_72_360a-1.png","width":1280,"height":666},{"@type":"BreadcrumbList","@id":"https:\/\/www.peter-electronic.com\/gleichstrombremse-mit-geraeteschutz\/#breadcrumb","itemListElement":[{"@type":"ListItem","position":1,"name":"Startseite","item":"https:\/\/www.peter-electronic.com\/"},{"@type":"ListItem","position":2,"name":"NL_VersiBrake_Safe_72_360A_Landingpage_2019_01"}]},{"@type":"WebSite","@id":"https:\/\/www.peter-electronic.com\/#website","url":"https:\/\/www.peter-electronic.com\/","name":"Frequenzumrichter, Softstarter und Bremsger\u00e4te direkt vom Hersteller","description":"","alternateName":"Frequenzumrichter, Softstarter und Bremsger\u00e4te direkt vom Hersteller","potentialAction":[{"@type":"SearchAction","target":{"@type":"EntryPoint","urlTemplate":"https:\/\/www.peter-electronic.com\/?s={search_term_string}"},"query-input":{"@type":"PropertyValueSpecification","valueRequired":true,"valueName":"search_term_string"}}],"inLanguage":"de"}]}},"_links":{"self":[{"href":"https:\/\/www.peter-electronic.com\/index.php?rest_route=\/wp\/v2\/pages\/4084","targetHints":{"allow":["GET"]}}],"collection":[{"href":"https:\/\/www.peter-electronic.com\/index.php?rest_route=\/wp\/v2\/pages"}],"about":[{"href":"https:\/\/www.peter-electronic.com\/index.php?rest_route=\/wp\/v2\/types\/page"}],"author":[{"embeddable":true,"href":"https:\/\/www.peter-electronic.com\/index.php?rest_route=\/wp\/v2\/users\/1"}],"replies":[{"embeddable":true,"href":"https:\/\/www.peter-electronic.com\/index.php?rest_route=%2Fwp%2Fv2%2Fcomments&post=4084"}],"version-history":[{"count":0,"href":"https:\/\/www.peter-electronic.com\/index.php?rest_route=\/wp\/v2\/pages\/4084\/revisions"}],"wp:attachment":[{"href":"https:\/\/www.peter-electronic.com\/index.php?rest_route=%2Fwp%2Fv2%2Fmedia&parent=4084"}],"curies":[{"name":"wp","href":"https:\/\/api.w.org\/{rel}","templated":true}]}}