{"id":11976,"date":"2024-07-29T11:56:55","date_gmt":"2024-07-29T09:56:55","guid":{"rendered":"https:\/\/www.peter.secondlevelserver.de\/?page_id=11976"},"modified":"2026-04-07T11:53:26","modified_gmt":"2026-04-07T09:53:26","slug":"nachhaltigkeit","status":"publish","type":"page","link":"https:\/\/www.peter-electronic.com\/ueber-uns\/nachhaltigkeit\/","title":{"rendered":"Nachhaltigkeit"},"content":{"rendered":"<div id=\"nachhaltigkeit\" class=\"home-slider-container\">\n<div>\n<div class=\"home-slide-wrapper slide3 slide4\">\n<h1 style=\"text-transform: none;\">Nachhaltigkeit<\/h1>\n<div class=\"home-slide-image\"><img decoding=\"async\" src=\"https:\/\/www.peter-electronic.com\/wp-content\/uploads\/PET_Nachhaltigkeit_Hero_1115x958_02.png\" alt=\"nachhaltigkeit\" \/><\/div>\n<div class=\"home-slide-content\">\n<div class=\"headline\">WEIL ES<br \/>\nWICHTIG<br \/>\nIST<\/div>\n<div class=\"share-buttons small\"><!-- <a href=\"https:\/\/www.facebook.com\/sharer\/sharer.php?u=https:\/\/www.peter-electronic.com\/news\/softstarter-ie3-motor-smart-card\/\" target=\"_blank\" rel=\"noopener noreferrer\"><img loading=\"lazy\" decoding=\"async\" src=\"https:\/\/www.peter-electronic.com\/skin\/frontend\/peterelectronic\/default\/images\/share\/facebook.svg\" width=\"32\" height=\"32\" \/ alt=\"Nachhaltigkeit\"><\/a> <a href=\"https:\/\/twitter.com\/home?status=https:\/\/www.peter-electronic.com\/news\/softstarter-ie3-motor-smart-card\/\" target=\"_blank\" rel=\"noopener noreferrer\"><img loading=\"lazy\" decoding=\"async\" src=\"https:\/\/www.peter-electronic.com\/skin\/frontend\/peterelectronic\/default\/images\/share\/twitter.svg\" width=\"32\" height=\"32\" \/ alt=\"Nachhaltigkeit\"><\/a> <a href=\"https:\/\/plus.google.com\/share?url=https:\/\/www.peter-electronic.com\/news\/softstarter-ie3-motor-smart-card\/\" target=\"_blank\" rel=\"noopener noreferrer\"><img loading=\"lazy\" decoding=\"async\" src=\"https:\/\/www.peter-electronic.com\/skin\/frontend\/peterelectronic\/default\/images\/share\/google_plus.svg\" width=\"32\" height=\"32\" \/ alt=\"Nachhaltigkeit\"><\/a> <a href=\"https:\/\/www.linkedin.com\/shareArticle?mini=true&amp;url=https:\/\/www.peter-electronic.com\/news\/softstarter-ie3-motor-smart-card\/&amp;title=Die neue Softstarter Serie VersiStart p II\/III mit Smart Card f\u00fcr mehr Kontrolle setzt neue Standards und ersetzt ab sofort die Softstarter Serie VersiStart i II\/III\" target=\"_blank\" rel=\"noopener noreferrer\"><img loading=\"lazy\" decoding=\"async\" src=\"https:\/\/www.peter-electronic.com\/skin\/frontend\/peterelectronic\/default\/images\/share\/linkedin.svg\" width=\"32\" height=\"32\" \/ alt=\"Nachhaltigkeit\"><\/a> \/\/--><\/div>\n<p>Nachhaltigkeit erfordert eine ganzheitliche Sichtweise und das Einbeziehen aller Ressourcen in unserem Unternehmen. Weil es uns wichtig ist, engagieren wir uns f\u00fcr eine optimale Arbeitsumgebung unserer Mitarbeiter und setzen uns f\u00fcr umweltschonende Produktionsverfahren und die Entwicklung besonders energiesparender Technologien ein.<\/p>\n<div class=\"product-name\">\n<div class=\"share-buttons medium\">\n<p><!-- <a href=\"https:\/\/www.facebook.com\/sharer\/sharer.php?u=https:\/\/www.peter-electronic.com\/news\/softstarter-ie3-motor-smart-card\/\" target=\"_blank\" rel=\"noopener noreferrer\"><img loading=\"lazy\" decoding=\"async\" src=\"https:\/\/www.peter-electronic.com\/skin\/frontend\/peterelectronic\/default\/images\/share\/facebook.svg\" width=\"30\" height=\"30\" \/ alt=\"Nachhaltigkeit\"><\/a> <a href=\"https:\/\/twitter.com\/home?status=https:\/\/www.peter-electronic.com\/news\/softstarter-ie3-motor-smart-card\/\" target=\"_blank\" rel=\"noopener noreferrer\"><img loading=\"lazy\" decoding=\"async\" src=\"https:\/\/www.peter-electronic.com\/skin\/frontend\/peterelectronic\/default\/images\/share\/twitter.svg\" width=\"30\" height=\"30\" \/ alt=\"Nachhaltigkeit\"><\/a> <a href=\"https:\/\/plus.google.com\/share?url=https:\/\/www.peter-electronic.com\/news\/softstarter-ie3-motor-smart-card\/\" target=\"_blank\" rel=\"noopener noreferrer\"><img loading=\"lazy\" decoding=\"async\" src=\"https:\/\/www.peter-electronic.com\/skin\/frontend\/peterelectronic\/default\/images\/share\/google_plus.svg\" width=\"30\" height=\"30\" \/ alt=\"Nachhaltigkeit\"><\/a> <a href=\"https:\/\/www.linkedin.com\/shareArticle?mini=true&amp;url=https:\/\/www.peter-electronic.com\/news\/softstarter-ie3-motor-smart-card\/&amp;title=Die neue Softstarter Serie VersiStart p II\/III mit Smart Card f\u00fcr mehr Kontrolle setzt neue Standards und ersetzt ab sofort die Softstarter Serie VersiStart i II\/III\" target=\"_blank\" rel=\"noopener noreferrer\"><img loading=\"lazy\" decoding=\"async\" src=\"https:\/\/www.peter-electronic.com\/skin\/frontend\/peterelectronic\/default\/images\/share\/linkedin.svg\" width=\"30\" height=\"30\" \/ alt=\"Nachhaltigkeit\"><\/a> \/\/--><\/p>\n<\/div>\n<\/div>\n<\/div>\n<\/div>\n<\/div>\n<\/div>\n<p><!-- ENDE SLIDER \/\/--><\/p>\n<div class=\"col-main nomobilemargin\">\n<div class=\"post-view\">\n<div class=\"post-entry entry std page-layout--full \">\n<h2>\u00d6kologisches Engagement<\/h2>\n<p>Seit Bestehen unseres Unternehmens sind \u00f6konomische und \u00f6kologische Prozesse, sowie Produktionsverfahren, Teil unserer Unternehmenskultur. Wir f\u00f6rdern die Abfallreduzierung und unterst\u00fctzen nachhaltige Einkaufspraktiken und Produktionsprozesse. Die Transformation zu einer treibhausgasneutralen Wirtschaft und zur Reduktion der CO<sub>2<\/sub>-Emissionen unterst\u00fctzen wir durch umweltschonende Produktionsverfahren und dem Ziel, neue, bessere und energiesparende Produkte und Komponenten zu entwickeln.<\/p>\n<\/div>\n<\/div>\n<\/div>\n<div class=\"col-main nomobilemargin\" style=\"margin-left: 30%;\">\n<div class=\"post-view\">\n<div class=\"post-entry entry std page-layout--full \">\n<h2>Soziales Engagement<\/h2>\n<p>Kontinuierliche Verbesserung und der Blick auf das Wesentliche und Wichtige tragen zur Verbesserung unserer Arbeitsabl\u00e4ufe f\u00fcr unsere Mitarbeiter und aller Beteiligten der gesamten Wertsch\u00f6pfungskette bei. Wir f\u00f6rdern Inklusion und Geschlechterparit\u00e4t und unterst\u00fctzen das notwendige Gleichgewicht zwischen Arbeit und Freizeit und die Vereinbarkeit von Beruf und Familie. Unsere Mitarbeiter sind die wichtigste Ressource f\u00fcr die weitere Entwicklung unseres Unternehmens. Dabei liegt uns die Gesundheit und Sicherheit unserer Mitarbeiter besonders am Herzen.<\/p>\n<\/div>\n<\/div>\n<\/div>\n<div class=\"col-main nomobilemargin\" style=\"margin-left: 15%;\">\n<div class=\"post-view\">\n<div class=\"post-entry entry std page-layout--full \">\n<h2>Unternehmensf\u00fchrung<\/h2>\n<p>Wir pflegen transparente Beziehungen zu unseren Kunden, Lieferanten und Mitarbeitern, engagieren uns gerne regional, handeln verantwortungsbewusst mit globalen Ressourcen und sch\u00e4tzen besonders unsere internationalen Beziehungen zu unseren Kunden und Partnern. Dabei sind Praktiken und Grunds\u00e4tze zur Korruptionsbek\u00e4mpfung (DL 231) f\u00fcr uns Teil eines ganzheitlichen ethischen Kodex.<\/p>\n<\/div>\n<\/div>\n<\/div>\n<div id=\"nhImage\" class=\"col-main nomobilemargin\" style=\"width: 100%;\">\n<div class=\"post-view\">\n<div class=\"post-entry entry std page-layout--full\">\n<div class=\"nh4_coll\"><img decoding=\"async\" src=\"https:\/\/www.peter-electronic.com\/wp-content\/uploads\/30.png\" alt=\"30\" \/><\/div>\n<div class=\"nh4_coll\"><img decoding=\"async\" src=\"https:\/\/www.peter-electronic.com\/wp-content\/uploads\/60.png\" alt=\"60\" \/><\/div>\n<div class=\"nh4_coll\"><img decoding=\"async\" src=\"https:\/\/www.peter-electronic.com\/wp-content\/uploads\/4.png\" alt=\"4\" \/><\/div>\n<div class=\"nh4_coll\"><img decoding=\"async\" src=\"https:\/\/www.peter-electronic.com\/wp-content\/uploads\/12.png\" alt=\"12\" \/><\/div>\n<div class=\"clear\"><\/div>\n<\/div>\n<\/div>\n<\/div>\n<div class=\"col-main\" style=\"width: 100%;\">\n<ul id=\"post-list\" class=\"page-layout--narrow\">\n<li class=\"item odd\">\n<div class=\"post-list-item\">\n<div class=\"post-entry entry post-entry-with-image\">\n<h2><a title=\"CO2 Verringerung\" href=\"https:\/\/www.peter-electronic.com\/\">Reduzierung der CO<sub>2<\/sub>-Intensit\u00e4t<\/a><\/h2>\n<div class=\"post-excerpt\">\n<p>Wir sind darauf bedacht, den CO<sub>2<\/sub>-Fu\u00dfabdruck zu gering wie m\u00f6glich zu halten. Durch Abschalten der Gas-Heizung sowie Umstellen des Fuhrparks auf E-Autos werden wir im Jahr 2026 einen Werten von 0t CO<sub>2<\/sub>e erzielen.<\/p>\n<p><img decoding=\"async\" src=\"https:\/\/www.peter-electronic.com\/wp-content\/uploads\/2025\/11\/nachhaltikkeit-grafik-de-02-2.png\" alt=\"nachhaltigkeit\" \/><\/p>\n<\/div>\n<div class=\"line\"><\/div>\n<h2><a title=\"CO2 Verringerung\" href=\"https:\/\/www.peter-electronic.com\/\">2025 - Ein Jahr der Ver\u00e4nderung!<\/a><\/h2>\n<div class=\"post-excerpt\">\n<p>Im Januar 2025 ist es so weit: Unser Bedarf an fossilen Brennstoffen f\u00fcr die Heizung sinkt auf null! Mit dem Einsatz modernster W\u00e4rmepumpen verabschieden wir uns von unserem gasbetriebenen Blockheizkraftwerk. Mit diesem Schritt gehen wir nicht nur verantwortungsvoll mit unseren Ressourcen um, sondern tragen auch aktiv zum Klimaschutz bei.<\/p>\n<p>&nbsp;<\/p>\n<\/div>\n<div class=\"line\"><\/div>\n<h2><a title=\"CO2 Verringerung\" href=\"https:\/\/www.peter-electronic.com\/\">2024 - Erneute Verringerung von CO<sub>2<\/sub><\/a><\/h2>\n<div class=\"post-excerpt\">\n<p>Wir sind stolz darauf, dass sich die CO2 Emission des gesamten Unternehmens um \u00fcber 90% reduziert. Unser t\u00e4glicher Strombedarf wird ab sofort durch eine Photovoltaik-Anlage generiert, die zeitgleich auch die Versorgung eines neuen W\u00e4rmepumpen-Heizsystems \u00fcbernimmt. Differenzen im Stromverbrauch werden wie in der Vergangenheit durch 100% regenerative Energie ausgeglichen.<br \/>\n<a href=\"https:\/\/www.peter-electronic.com\/wp-content\/uploads\/Naturstrom_Zertifikat_2024.pdf\" target=\"_blank\" rel=\"noopener\">Naturstrom-Zertifikat 2024<\/a><\/p>\n<p>&nbsp;<\/p>\n<\/div>\n<div class=\"line\"><\/div>\n<p><img decoding=\"async\" src=\"https:\/\/www.peter-electronic.com\/wp-content\/uploads\/installation-von-ladesaeulen.jpg\" alt=\"nachhaltigkeit\"><\/p>\n<div class=\"line\"><\/div>\n<h2><a title=\"Werden weitere Ma\u00dfnahmen getroffen, um den CO2 Aussto\u00df der Firma PETER electronic weiterhin zu minimieren.\" href=\"https:\/\/www.peter-electronic.com\/\">2023 - Installation von Lades\u00e4ulen<\/a><\/h2>\n<div class=\"post-excerpt\">\n<p>Seit diesem Jahr haben wir die ersten beiden 22kW-Lades\u00e4ulen f\u00fcr E-Autos installiert. F\u00fcr den Ausbau der Elektromobilit\u00e4t sind weitere Lades\u00e4ulen in 2024 geplant.<\/p>\n<p>&nbsp;<\/p>\n<\/div>\n<div class=\"line\"><\/div>\n<p><img decoding=\"async\" src=\"https:\/\/www.peter-electronic.com\/wp-content\/uploads\/co2-verringerung.jpg\" alt=\"nachhaltigkeit\"><\/p>\n<div class=\"line\"><\/div>\n<h2><a title=\"CO2 Verringerung\" href=\"https:\/\/www.peter-electronic.com\/\">2022 - CO<sub>2<\/sub>-Verringerung<\/a><\/h2>\n<div class=\"post-excerpt\">\n<p>Ausgehend von 2018 bis Ende 2022 konnten wir unseren CO<sub>2<\/sub> Aussto\u00df um 30% verringern. Unser Ziel bis 2025 ist eine Verringerung auf 50%. Dies erfolgt durch Ma\u00dfnahmen wie Dienstfahrzeuge, die nach und nach auf Hybrid und Elektro umgestellt werden sowie die Installation einer PV-Anlage.<\/p>\n<p>&nbsp;<\/p>\n<\/div>\n<div class=\"line\"><\/div>\n<h2><a title=\"80 % der Belegschaft kommt aus einem Umkreis\" href=\"https:\/\/www.peter-electronic.com\/\">2020 - Nachhaltigkeit durch kurze Wege<\/a><\/h2>\n<div class=\"post-excerpt\">\n<p>80 % der Belegschaft kommt aus einem Umkreis n\u00e4her 20 km, ca. 20 % der Mitarbeiter sogar direkt aus der Gemeinde. Mit dem eingef\u00fchrtem Home Office haben wir dadurch einen deutlich geringeren CO<sub>2<\/sub> Aussto\u00df.<\/p>\n<p>&nbsp;<\/p>\n<\/div>\n<div class=\"line\"><\/div>\n<h2><a title=\"Trinkwasseranlage angeschafft\" href=\"https:\/\/www.peter-electronic.com\/\">2018 - Anschaffung einer Trinkwasseranlage<\/a><\/h2>\n<div class=\"post-excerpt\">\n<p>In diesem Jahr haben wir f\u00fcr Mitarbeiter und Besucher eine Trinkwasseranlage angeschafft. Diese bietet kostenlos stilles Wasser als auch Sprudelwasser und mehr an. W\u00f6chentliche LKW Anfahrten f\u00fcr Getr\u00e4nke geh\u00f6ren seitdem der Vergangenheit an.<\/p>\n<p>&nbsp;<\/p>\n<\/div>\n<div class=\"line\"><\/div>\n<h2><a title=\"Energiesparende Leuchtmittel\" href=\"https:\/\/www.peter-electronic.com\/\">2013 - Installation von LEDs im ganzen Unternehmen<\/a><\/h2>\n<div class=\"post-excerpt\">\n<p>Das gesamte Unternehmen wurde auf energiesparende LED-Leuchtmittel umgestellt. Wir sind der Meinung, auch kleine Ver\u00e4nderungen tragen zum Erfolg der Nachhaltigkeit bei.<\/p>\n<p>&nbsp;<\/p>\n<\/div>\n<div class=\"line\"><\/div>\n<p><img decoding=\"async\" src=\"https:\/\/www.peter-electronic.com\/wp-content\/uploads\/think-green-naturstrom.jpg\" alt=\"nachhaltigkeit\"><\/p>\n<div class=\"line\"><\/div>\n<h2><a title=\"Think green\" href=\"https:\/\/www.peter-electronic.com\/\">2012 - Think green - 100% Naturstrom<\/a><\/h2>\n<div class=\"post-excerpt\">\n<p>Der Umwelt zu liebe, haben wir uns entschieden, auf gr\u00fcnen Strom umzustellen. Dieser kommt zu 100% aus zertifizierten erneuerbaren Energien, wie z.B. Solar, Windenergie, Biomasse, Wasserkraft, etc.<\/p>\n<p>&nbsp;<\/p>\n<\/div>\n<div class=\"line\"><\/div>\n<h2><a title=\"Ausschlie\u00dflich ROHS gekennzeichnetes und REACH konformes Material\" href=\"https:\/\/www.peter-electronic.com\/\">2008 - RoHS and REACH<\/a><\/h2>\n<div class=\"post-excerpt\">\n<p>Wir akzeptieren ausschlie\u00dflich RoHS gekennzeichnetes und REACH konformes Material nach der aktuellen SVHC-Kandidatenliste sowie DRC-konfliktfreie Materialien! Das bedeutet, dass wir gr\u00f6\u00dften Wert auf aktuell geltende Vorschriften legen und somit in einer Zeit von zunehmendem Umweltbewusstsein, Informationen \u00fcber die in der gesamten Lieferkette verwendeten Chemikalien bereitstellen und die Produkte sorgf\u00e4ltig auf ihre Sicherheit f\u00fcr Benutzer und Umwelt \u00fcberwachen.<\/p>\n<p>&nbsp;<\/p>\n<\/div>\n<div class=\"line\"><\/div>\n<h2><a title=\"Regenwasser in Wasserzisterne\" href=\"https:\/\/www.peter-electronic.com\/\">2001 - Nutzung und Wiederverwendung von Regenwasser<\/a><\/h2>\n<div class=\"post-excerpt\">\n<p>Beim Bau unseres Firmengeb\u00e4udes wurde auch auf die wichtige Ressource Brauchwasser geachtet. Regenwasser wird in einer Wasserzisterne gesammelt und zur Versorgung unserer Sanit\u00e4ranlagen verwendet.<\/p>\n<p>&nbsp;<\/p>\n<\/div>\n<div class=\"line\"><\/div>\n<h2><a title=\"Umsetzung von \u00f6kologischen Energien\" href=\"https:\/\/www.peter-electronic.com\/\">2001 - Blockheizkraftwerk<\/a><\/h2>\n<div class=\"post-excerpt\">\n<p>Mit dem Bau eines neuen Firmengeb\u00e4udes wurde auf die Umsetzung von \u00f6kologischen Einergiekonzepten geachtet. Zur damaligen Zeit hochmodern und innovativ, wurde ein Blockheizkraftwerk zur Gewinnung elektrischer Energie und W\u00e4rme installiert.<\/p>\n<p>&nbsp;<\/p>\n<\/div>\n<div class=\"line\"><\/div>\n<p><img decoding=\"async\" src=\"https:\/\/www.peter-electronic.com\/wp-content\/uploads\/verpackung.jpg\" alt=\"nachhaltigkeit\"><\/p>\n<div class=\"line\"><\/div>\n<h2><a title=\"Verpackungsmaterialien\" href=\"https:\/\/www.peter-electronic.com\/\">1976 - Verpackung<\/a><\/h2>\n<div class=\"post-excerpt\">\n<p>Ressourcen wie Verpackungsmaterialien werden in unserem Haus der Umwelt zuliebe nachhaltig wiederverwendet. Damit leisten wir einen wichtigen Beitrag zur Abfallvermeidung - bei der wiederum CO<sub>2<\/sub> eingespart wird.<\/p>\n<p>&nbsp;<\/p>\n<\/div>\n<\/div>\n<\/div>\n<\/li>\n<li class=\"item odd\">\n<div class=\"post-list-item\">\n<div class=\"post-entry entry post-entry-with-image\"><\/div>\n<\/div>\n<\/li>\n<\/ul>\n<\/div>\n","protected":false},"excerpt":{"rendered":"<p>Nachhaltigkeit WEIL ES WICHTIG IST Nachhaltigkeit erfordert eine ganzheitliche Sichtweise und das Einbeziehen aller Ressourcen in unserem Unternehmen. Weil es uns wichtig ist, engagieren wir uns f\u00fcr eine optimale Arbeitsumgebung unserer Mitarbeiter und setzen uns f\u00fcr umweltschonende Produktionsverfahren und die Entwicklung besonders energiesparender Technologien ein. \u00d6kologisches Engagement Seit Bestehen unseres Unternehmens sind \u00f6konomische und \u00f6kologische [&hellip;]<\/p>\n","protected":false},"author":1,"featured_media":0,"parent":68,"menu_order":0,"comment_status":"closed","ping_status":"closed","template":"template-fullpage.php","meta":{"_acf_changed":false,"footnotes":""},"class_list":["post-11976","page","type-page","status-publish","hentry"],"acf":[],"yoast_head":"<!-- This site is optimized with the Yoast SEO plugin v23.9 - https:\/\/yoast.com\/wordpress\/plugins\/seo\/ -->\n<title>Nachhaltigkeit - Frequenzumrichter, Softstarter und Bremsger\u00e4te direkt vom Hersteller<\/title>\n<meta name=\"robots\" content=\"index, follow, max-snippet:-1, max-image-preview:large, max-video-preview:-1\" \/>\n<link rel=\"canonical\" href=\"https:\/\/www.peter-electronic.com\/ueber-uns\/nachhaltigkeit\/\" \/>\n<script type=\"application\/ld+json\" class=\"yoast-schema-graph\">{\"@context\":\"https:\/\/schema.org\",\"@graph\":[{\"@type\":\"WebPage\",\"@id\":\"https:\/\/www.peter-electronic.com\/ueber-uns\/nachhaltigkeit\/\",\"url\":\"https:\/\/www.peter-electronic.com\/ueber-uns\/nachhaltigkeit\/\",\"name\":\"Nachhaltigkeit - Frequenzumrichter, Softstarter und Bremsger\u00e4te direkt vom Hersteller\",\"isPartOf\":{\"@id\":\"https:\/\/www.peter-electronic.com\/#website\"},\"primaryImageOfPage\":{\"@id\":\"https:\/\/www.peter-electronic.com\/ueber-uns\/nachhaltigkeit\/#primaryimage\"},\"image\":{\"@id\":\"https:\/\/www.peter-electronic.com\/ueber-uns\/nachhaltigkeit\/#primaryimage\"},\"thumbnailUrl\":\"https:\/\/www.peter-electronic.com\/wp-content\/uploads\/PET_Nachhaltigkeit_Hero_1115x958_02.png\",\"datePublished\":\"2024-07-29T09:56:55+00:00\",\"dateModified\":\"2026-04-07T09:53:26+00:00\",\"breadcrumb\":{\"@id\":\"https:\/\/www.peter-electronic.com\/ueber-uns\/nachhaltigkeit\/#breadcrumb\"},\"inLanguage\":\"de\",\"potentialAction\":[{\"@type\":\"ReadAction\",\"target\":[\"https:\/\/www.peter-electronic.com\/ueber-uns\/nachhaltigkeit\/\"]}]},{\"@type\":\"ImageObject\",\"inLanguage\":\"de\",\"@id\":\"https:\/\/www.peter-electronic.com\/ueber-uns\/nachhaltigkeit\/#primaryimage\",\"url\":\"https:\/\/www.peter-electronic.com\/wp-content\/uploads\/PET_Nachhaltigkeit_Hero_1115x958_02.png\",\"contentUrl\":\"https:\/\/www.peter-electronic.com\/wp-content\/uploads\/PET_Nachhaltigkeit_Hero_1115x958_02.png\"},{\"@type\":\"BreadcrumbList\",\"@id\":\"https:\/\/www.peter-electronic.com\/ueber-uns\/nachhaltigkeit\/#breadcrumb\",\"itemListElement\":[{\"@type\":\"ListItem\",\"position\":1,\"name\":\"Startseite\",\"item\":\"https:\/\/www.peter-electronic.com\/\"},{\"@type\":\"ListItem\",\"position\":2,\"name\":\"\u00dcber Uns\",\"item\":\"https:\/\/www.peter-electronic.com\/ueber-uns\/\"},{\"@type\":\"ListItem\",\"position\":3,\"name\":\"Nachhaltigkeit\"}]},{\"@type\":\"WebSite\",\"@id\":\"https:\/\/www.peter-electronic.com\/#website\",\"url\":\"https:\/\/www.peter-electronic.com\/\",\"name\":\"Frequenzumrichter, Softstarter und Bremsger\u00e4te direkt vom Hersteller\",\"description\":\"\",\"alternateName\":\"Frequenzumrichter, Softstarter und Bremsger\u00e4te direkt vom Hersteller\",\"potentialAction\":[{\"@type\":\"SearchAction\",\"target\":{\"@type\":\"EntryPoint\",\"urlTemplate\":\"https:\/\/www.peter-electronic.com\/?s={search_term_string}\"},\"query-input\":{\"@type\":\"PropertyValueSpecification\",\"valueRequired\":true,\"valueName\":\"search_term_string\"}}],\"inLanguage\":\"de\"}]}<\/script>\n<!-- \/ Yoast SEO plugin. -->","yoast_head_json":{"title":"Nachhaltigkeit - Frequenzumrichter, Softstarter und Bremsger\u00e4te direkt vom Hersteller","robots":{"index":"index","follow":"follow","max-snippet":"max-snippet:-1","max-image-preview":"max-image-preview:large","max-video-preview":"max-video-preview:-1"},"canonical":"https:\/\/www.peter-electronic.com\/ueber-uns\/nachhaltigkeit\/","schema":{"@context":"https:\/\/schema.org","@graph":[{"@type":"WebPage","@id":"https:\/\/www.peter-electronic.com\/ueber-uns\/nachhaltigkeit\/","url":"https:\/\/www.peter-electronic.com\/ueber-uns\/nachhaltigkeit\/","name":"Nachhaltigkeit - Frequenzumrichter, Softstarter und Bremsger\u00e4te direkt vom Hersteller","isPartOf":{"@id":"https:\/\/www.peter-electronic.com\/#website"},"primaryImageOfPage":{"@id":"https:\/\/www.peter-electronic.com\/ueber-uns\/nachhaltigkeit\/#primaryimage"},"image":{"@id":"https:\/\/www.peter-electronic.com\/ueber-uns\/nachhaltigkeit\/#primaryimage"},"thumbnailUrl":"https:\/\/www.peter-electronic.com\/wp-content\/uploads\/PET_Nachhaltigkeit_Hero_1115x958_02.png","datePublished":"2024-07-29T09:56:55+00:00","dateModified":"2026-04-07T09:53:26+00:00","breadcrumb":{"@id":"https:\/\/www.peter-electronic.com\/ueber-uns\/nachhaltigkeit\/#breadcrumb"},"inLanguage":"de","potentialAction":[{"@type":"ReadAction","target":["https:\/\/www.peter-electronic.com\/ueber-uns\/nachhaltigkeit\/"]}]},{"@type":"ImageObject","inLanguage":"de","@id":"https:\/\/www.peter-electronic.com\/ueber-uns\/nachhaltigkeit\/#primaryimage","url":"https:\/\/www.peter-electronic.com\/wp-content\/uploads\/PET_Nachhaltigkeit_Hero_1115x958_02.png","contentUrl":"https:\/\/www.peter-electronic.com\/wp-content\/uploads\/PET_Nachhaltigkeit_Hero_1115x958_02.png"},{"@type":"BreadcrumbList","@id":"https:\/\/www.peter-electronic.com\/ueber-uns\/nachhaltigkeit\/#breadcrumb","itemListElement":[{"@type":"ListItem","position":1,"name":"Startseite","item":"https:\/\/www.peter-electronic.com\/"},{"@type":"ListItem","position":2,"name":"\u00dcber Uns","item":"https:\/\/www.peter-electronic.com\/ueber-uns\/"},{"@type":"ListItem","position":3,"name":"Nachhaltigkeit"}]},{"@type":"WebSite","@id":"https:\/\/www.peter-electronic.com\/#website","url":"https:\/\/www.peter-electronic.com\/","name":"Frequenzumrichter, Softstarter und Bremsger\u00e4te direkt vom Hersteller","description":"","alternateName":"Frequenzumrichter, Softstarter und Bremsger\u00e4te direkt vom Hersteller","potentialAction":[{"@type":"SearchAction","target":{"@type":"EntryPoint","urlTemplate":"https:\/\/www.peter-electronic.com\/?s={search_term_string}"},"query-input":{"@type":"PropertyValueSpecification","valueRequired":true,"valueName":"search_term_string"}}],"inLanguage":"de"}]}},"_links":{"self":[{"href":"https:\/\/www.peter-electronic.com\/index.php?rest_route=\/wp\/v2\/pages\/11976","targetHints":{"allow":["GET"]}}],"collection":[{"href":"https:\/\/www.peter-electronic.com\/index.php?rest_route=\/wp\/v2\/pages"}],"about":[{"href":"https:\/\/www.peter-electronic.com\/index.php?rest_route=\/wp\/v2\/types\/page"}],"author":[{"embeddable":true,"href":"https:\/\/www.peter-electronic.com\/index.php?rest_route=\/wp\/v2\/users\/1"}],"replies":[{"embeddable":true,"href":"https:\/\/www.peter-electronic.com\/index.php?rest_route=%2Fwp%2Fv2%2Fcomments&post=11976"}],"version-history":[{"count":40,"href":"https:\/\/www.peter-electronic.com\/index.php?rest_route=\/wp\/v2\/pages\/11976\/revisions"}],"predecessor-version":[{"id":18927,"href":"https:\/\/www.peter-electronic.com\/index.php?rest_route=\/wp\/v2\/pages\/11976\/revisions\/18927"}],"up":[{"embeddable":true,"href":"https:\/\/www.peter-electronic.com\/index.php?rest_route=\/wp\/v2\/pages\/68"}],"wp:attachment":[{"href":"https:\/\/www.peter-electronic.com\/index.php?rest_route=%2Fwp%2Fv2%2Fmedia&parent=11976"}],"curies":[{"name":"wp","href":"https:\/\/api.w.org\/{rel}","templated":true}]}}